Last updated on 2023-02-02 06:54:50 CET.
Flavor | Version | Tinstall | Tcheck | Ttotal | Status | Flags |
---|---|---|---|---|---|---|
r-devel-linux-x86_64-debian-clang | 0.1.1 | 70.95 | 29.91 | 100.86 | NOTE | |
r-devel-linux-x86_64-debian-gcc | 0.1.1 | 57.69 | 23.50 | 81.19 | NOTE | |
r-devel-linux-x86_64-fedora-clang | 0.1.1 | 167.52 | NOTE | |||
r-devel-linux-x86_64-fedora-gcc | 0.1.1 | 138.86 | NOTE | |||
r-patched-linux-x86_64 | 0.1.1 | 58.41 | 29.78 | 88.19 | NOTE | |
r-release-linux-x86_64 | 0.1.1 | 60.56 | 29.48 | 90.04 | NOTE | |
r-release-macos-arm64 | 0.1.1 | 36.00 | NOTE | |||
r-release-macos-x86_64 | 0.1.1 | 49.00 | NOTE | |||
r-release-windows-x86_64 | 0.1.1 | 41.00 | 84.00 | 125.00 | NOTE | |
r-oldrel-macos-arm64 | 0.1.1 | 38.00 | NOTE | |||
r-oldrel-macos-x86_64 | 0.1.1 | 63.00 | NOTE | |||
r-oldrel-windows-ix86+x86_64 | 0.1.1 | 105.00 | 82.00 | 187.00 | NOTE |
Version: 0.1.1
Check: LazyData
Result: NOTE
'LazyData' is specified without a 'data' directory
Flavors: r-devel-linux-x86_64-debian-clang, r-devel-linux-x86_64-debian-gcc, r-devel-linux-x86_64-fedora-clang, r-devel-linux-x86_64-fedora-gcc, r-patched-linux-x86_64, r-release-linux-x86_64, r-release-macos-arm64, r-release-macos-x86_64, r-release-windows-x86_64, r-oldrel-macos-arm64, r-oldrel-macos-x86_64, r-oldrel-windows-ix86+x86_64