Last updated on 2023-03-28 06:51:15 CEST.
Flavor | Version | Tinstall | Tcheck | Ttotal | Status | Flags |
---|---|---|---|---|---|---|
r-devel-linux-x86_64-debian-clang | 0.5.1 | 35.46 | 82.77 | 118.23 | NOTE | |
r-devel-linux-x86_64-debian-gcc | 0.5.1 | 26.24 | 62.46 | 88.70 | NOTE | |
r-devel-linux-x86_64-fedora-clang | 0.5.1 | 154.39 | NOTE | |||
r-devel-linux-x86_64-fedora-gcc | 0.5.1 | 145.48 | NOTE | |||
r-devel-windows-x86_64 | 0.5.1 | 39.00 | 131.00 | 170.00 | NOTE | |
r-patched-linux-x86_64 | 0.5.1 | 25.16 | 82.54 | 107.70 | NOTE | |
r-release-linux-x86_64 | 0.5.1 | 26.84 | 86.42 | 113.26 | OK | |
r-release-macos-arm64 | 0.5.1 | 51.00 | OK | |||
r-release-macos-x86_64 | 0.5.1 | 61.00 | OK | |||
r-release-windows-x86_64 | 0.5.1 | 37.00 | 140.00 | 177.00 | OK | |
r-oldrel-macos-arm64 | 0.5.1 | 43.00 | OK | |||
r-oldrel-macos-x86_64 | 0.5.1 | 63.00 | OK | |||
r-oldrel-windows-ix86+x86_64 | 0.5.1 | 84.00 | 204.00 | 288.00 | OK |
Version: 0.5.1
Check: C++ specification
Result: NOTE
Specified C++11: please drop specification unless essential
Flavors: r-devel-linux-x86_64-debian-clang, r-devel-linux-x86_64-debian-gcc, r-devel-linux-x86_64-fedora-clang, r-devel-linux-x86_64-fedora-gcc, r-devel-windows-x86_64, r-patched-linux-x86_64