CRAN Package Check Results for Package fc

Last updated on 2024-07-16 07:01:38 CEST.

Flavor Version Tinstall Tcheck Ttotal Status Flags
r-devel-linux-x86_64-debian-clang 0.1.0 2.34 22.06 24.40 NOTE
r-devel-linux-x86_64-debian-gcc 0.1.0 1.66 17.54 19.20 NOTE
r-devel-linux-x86_64-fedora-clang 0.1.0 32.46 NOTE
r-devel-linux-x86_64-fedora-gcc 0.1.0 29.94 NOTE
r-devel-windows-x86_64 0.1.0 3.00 39.00 42.00 NOTE
r-patched-linux-x86_64 0.1.0 1.93 21.68 23.61 NOTE
r-release-linux-x86_64 0.1.0 1.70 20.90 22.60 NOTE
r-release-macos-arm64 0.1.0 14.00 NOTE
r-release-macos-x86_64 0.1.0 24.00 NOTE
r-release-windows-x86_64 0.1.0 3.00 41.00 44.00 NOTE
r-oldrel-macos-arm64 0.1.0 15.00 NOTE
r-oldrel-macos-x86_64 0.1.0 20.00 NOTE
r-oldrel-windows-x86_64 0.1.0 2.00 39.00 41.00 NOTE

Check Details

Version: 0.1.0
Check: LazyData
Result: NOTE 'LazyData' is specified without a 'data' directory Flavors: r-devel-linux-x86_64-debian-clang, r-devel-linux-x86_64-debian-gcc, r-devel-linux-x86_64-fedora-clang, r-devel-linux-x86_64-fedora-gcc, r-devel-windows-x86_64, r-patched-linux-x86_64, r-release-linux-x86_64, r-release-macos-arm64, r-release-macos-x86_64, r-release-windows-x86_64, r-oldrel-macos-arm64, r-oldrel-macos-x86_64, r-oldrel-windows-x86_64