Last updated on 2023-01-31 06:51:20 CET.
Flavor | Version | Tinstall | Tcheck | Ttotal | Status | Flags |
---|---|---|---|---|---|---|
r-devel-linux-x86_64-debian-clang | 1.0.1 | 23.83 | 107.14 | 130.97 | OK | |
r-devel-linux-x86_64-debian-gcc | 1.0.1 | 20.41 | 58.57 | 78.98 | NOTE | |
r-devel-linux-x86_64-fedora-clang | 1.0.1 | 194.41 | NOTE | |||
r-devel-linux-x86_64-fedora-gcc | 1.0.1 | 126.40 | NOTE | |||
r-devel-windows-x86_64 | 1.0.1 | 35.00 | 199.00 | 234.00 | NOTE | |
r-patched-linux-x86_64 | 1.0.1 | 21.91 | 95.34 | 117.25 | OK | |
r-release-linux-x86_64 | 1.0.1 | 20.98 | 113.28 | 134.26 | OK | |
r-release-macos-arm64 | 1.0.1 | 51.00 | OK | |||
r-release-macos-x86_64 | 1.0.1 | 80.00 | OK | |||
r-release-windows-x86_64 | 1.0.1 | 28.00 | 145.00 | 173.00 | OK | |
r-oldrel-macos-arm64 | 1.0.1 | 39.00 | OK | |||
r-oldrel-macos-x86_64 | 1.0.1 | 66.00 | OK | |||
r-oldrel-windows-ix86+x86_64 | 1.0.1 | 63.00 | 275.00 | 338.00 | OK |
Version: 1.0.1
Check: C++ specification
Result: NOTE
Specified C++11: please update to current default of C++17
Flavors: r-devel-linux-x86_64-debian-gcc, r-devel-linux-x86_64-fedora-clang, r-devel-linux-x86_64-fedora-gcc, r-devel-windows-x86_64