Last updated on 2023-01-31 06:51:20 CET.
Flavor | Version | Tinstall | Tcheck | Ttotal | Status | Flags |
---|---|---|---|---|---|---|
r-devel-linux-x86_64-debian-clang | 2.1.1.1 | 151.67 | 83.07 | 234.74 | OK | |
r-devel-linux-x86_64-debian-gcc | 2.1.1.1 | 123.46 | 63.12 | 186.58 | OK | |
r-devel-linux-x86_64-fedora-clang | 2.1.1.1 | 357.15 | OK | |||
r-devel-linux-x86_64-fedora-gcc | 2.1.1.1 | 315.33 | OK | |||
r-devel-windows-x86_64 | 2.1.1.1 | 237.00 | 142.00 | 379.00 | OK | |
r-patched-linux-x86_64 | 2.1.1.1 | 129.23 | 78.42 | 207.65 | OK | |
r-release-linux-x86_64 | 2.1.1.1 | 128.29 | 79.17 | 207.46 | OK | |
r-release-macos-arm64 | 2.1.1.1 | 86.00 | NOTE | |||
r-release-macos-x86_64 | 2.1.1.1 | 97.00 | NOTE | |||
r-release-windows-x86_64 | 2.1.1.1 | 146.00 | 163.00 | 309.00 | OK | |
r-oldrel-macos-arm64 | 2.1.1.1 | 86.00 | NOTE | |||
r-oldrel-macos-x86_64 | 2.1.1.1 | 101.00 | NOTE | |||
r-oldrel-windows-ix86+x86_64 | 2.1.1.1 | 375.00 | 145.00 | 520.00 | OK |
Version: 2.1.1.1
Check: installed package size
Result: NOTE
installed size is 11.0Mb
sub-directories of 1Mb or more:
libs 10.4Mb
Flavors: r-release-macos-arm64, r-release-macos-x86_64, r-oldrel-macos-arm64, r-oldrel-macos-x86_64