CRAN Package Check Results for Package fcr

Last updated on 2024-02-24 06:50:36 CET.

Flavor Version Tinstall Tcheck Ttotal Status Flags
r-devel-linux-x86_64-debian-clang 1.0 11.91 102.28 114.19 NOTE
r-devel-linux-x86_64-debian-gcc 1.0 6.97 76.94 83.91 NOTE
r-devel-linux-x86_64-fedora-clang 1.0 138.43 OK
r-devel-linux-x86_64-fedora-gcc 1.0 143.17 OK
r-devel-windows-x86_64 1.0 10.00 87.00 97.00 OK
r-patched-linux-x86_64 1.0 11.41 96.90 108.31 OK
r-release-linux-x86_64 1.0 8.51 97.47 105.98 OK
r-release-macos-arm64 1.0 56.00 OK
r-release-macos-x86_64 1.0 92.00 OK
r-release-windows-x86_64 1.0 13.00 104.00 117.00 OK
r-oldrel-macos-arm64 1.0 55.00 OK
r-oldrel-windows-x86_64 1.0 13.00 107.00 120.00 OK

Check Details

Version: 1.0
Check: Rd files
Result: NOTE checkRd: (-1) fcr-package.Rd:15: Lost braces; missing escapes or markup? 15 | Let $y_{ij}$ denote some outcome measured at | ^ checkRd: (-1) fcr-package.Rd:16: Lost braces; missing escapes or markup? 16 | $t_{ij}$ on the functional domain (e.g. time) for subject $i$ at observation | ^ checkRd: (-1) fcr-package.Rd:29: Lost braces; missing escapes or markup? 29 | Initially, a model is fit without $b_i(t_{ij})$. Using the residuals from this initial fit, | ^ checkRd: (-1) fcr.Rd:13: Lost braces; missing escapes or markup? 13 | The formula should only include terms not associated with the random function intercept b_i(t_{ij}). See Examples.} | ^ Flavors: r-devel-linux-x86_64-debian-clang, r-devel-linux-x86_64-debian-gcc