CRAN Package Check Results for Package fdaACF

Last updated on 2025-01-22 07:50:23 CET.

Flavor Version Tinstall Tcheck Ttotal Status Flags
r-devel-linux-x86_64-debian-clang 1.0.0 2.41 33.04 35.45 OK
r-devel-linux-x86_64-debian-gcc 1.0.0 1.97 25.43 27.40 OK
r-devel-linux-x86_64-fedora-clang 1.0.0 57.81 OK
r-devel-linux-x86_64-fedora-gcc 1.0.0 52.95 OK
r-devel-windows-x86_64 1.0.0 4.00 59.00 63.00 OK
r-patched-linux-x86_64 1.0.0 2.25 30.82 33.07 OK
r-release-linux-x86_64 1.0.0 2.22 31.77 33.99 OK
r-release-macos-arm64 1.0.0 21.00 OK
r-release-macos-x86_64 1.0.0 42.00 OK
r-release-windows-x86_64 1.0.0 4.00 60.00 64.00 OK
r-oldrel-macos-arm64 1.0.0 22.00 OK
r-oldrel-macos-x86_64 1.0.0 30.00 NOTE
r-oldrel-windows-x86_64 1.0.0 5.00 65.00 70.00 OK

Check Details

Version: 1.0.0
Check: package dependencies
Result: NOTE Package suggested but not available for checking: ‘fields’ Flavor: r-oldrel-macos-x86_64