CRAN Package Check Results for Package fdaMixed

Last updated on 2021-06-21 06:49:07 CEST.

Flavor Version Tinstall Tcheck Ttotal Status Flags
r-devel-linux-x86_64-debian-clang 0.6 110.54 36.94 147.48 OK
r-devel-linux-x86_64-debian-gcc 0.6 75.45 27.46 102.91 OK
r-devel-linux-x86_64-fedora-clang 0.6 213.01 NOTE
r-devel-linux-x86_64-fedora-gcc 0.6 194.89 OK
r-devel-windows-x86_64 0.6 125.00 61.00 186.00 OK
r-devel-windows-x86_64-gcc10-UCRT 0.6 OK
r-patched-linux-x86_64 0.6 90.00 35.30 125.30 OK
r-patched-solaris-x86 0.6 170.30 OK
r-release-linux-x86_64 0.6 86.55 35.38 121.93 OK
r-release-macos-arm64 0.6 NOTE
r-release-macos-x86_64 0.6 NOTE
r-release-windows-ix86+x86_64 0.6 245.00 68.00 313.00 OK
r-oldrel-macos-x86_64 0.6 NOTE
r-oldrel-windows-ix86+x86_64 0.6 173.00 0.00 173.00 OK

Check Details

Version: 0.6
Check: installed package size
Result: NOTE
     installed size is 7.8Mb
     sub-directories of 1Mb or more:
     libs 7.6Mb
Flavors: r-devel-linux-x86_64-fedora-clang, r-release-macos-arm64, r-release-macos-x86_64, r-oldrel-macos-x86_64