CRAN Package Check Results for Package fdaoutlier

Last updated on 2023-04-02 06:50:25 CEST.

Flavor Version Tinstall Tcheck Ttotal Status Flags
r-devel-linux-x86_64-debian-clang 0.2.0 9.57 46.29 55.86 OK
r-devel-linux-x86_64-debian-gcc 0.2.0 6.78 36.15 42.93 OK
r-devel-linux-x86_64-fedora-clang 0.2.0 75.09 NOTE
r-devel-linux-x86_64-fedora-gcc 0.2.0 78.25 NOTE
r-devel-windows-x86_64 0.2.0 15.00 87.00 102.00 OK
r-patched-linux-x86_64 0.2.0 9.17 44.29 53.46 OK
r-release-linux-x86_64 0.2.0 6.12 42.80 48.92 OK
r-release-macos-arm64 0.2.0 29.00 OK
r-release-macos-x86_64 0.2.0 33.00 NOTE
r-release-windows-x86_64 0.2.0 58.00 82.00 140.00 OK
r-oldrel-macos-arm64 0.2.0 30.00 NOTE
r-oldrel-macos-x86_64 0.2.0 39.00 NOTE
r-oldrel-windows-ix86+x86_64 0.2.0 20.00 92.00 112.00 OK

Check Details

Version: 0.2.0
Check: data for non-ASCII characters
Result: NOTE
     Note: found 75 marked UTF-8 strings
Flavors: r-devel-linux-x86_64-fedora-clang, r-devel-linux-x86_64-fedora-gcc, r-release-macos-x86_64, r-oldrel-macos-arm64, r-oldrel-macos-x86_64