CRAN Package Check Results for Package fdrtool

Last updated on 2020-09-30 06:51:13 CEST.

Flavor Version Tinstall Tcheck Ttotal Status Flags
r-devel-linux-x86_64-debian-clang 1.2.15 3.25 26.85 30.10 OK
r-devel-linux-x86_64-debian-gcc 1.2.15 2.84 20.23 23.07 OK
r-devel-linux-x86_64-fedora-clang 1.2.15 44.91 NOTE
r-devel-linux-x86_64-fedora-gcc 1.2.15 34.70 NOTE
r-devel-windows-ix86+x86_64 1.2.15 9.00 49.00 58.00 OK
r-patched-linux-x86_64 1.2.15 3.40 25.19 28.59 OK
r-patched-solaris-x86 1.2.15 53.50 OK
r-release-linux-x86_64 1.2.15 3.32 25.12 28.44 OK
r-release-macos-x86_64 1.2.15 OK
r-release-windows-ix86+x86_64 1.2.15 8.00 44.00 52.00 OK
r-oldrel-macos-x86_64 1.2.15 OK
r-oldrel-windows-ix86+x86_64 1.2.15 7.00 56.00 63.00 OK

Check Details

Version: 1.2.15
Check: compiled code
Result: NOTE
    File ‘fdrtool/libs/fdrtool.so’:
     Found no calls to: ‘R_registerRoutines’, ‘R_useDynamicSymbols’
    
    It is good practice to register native routines and to disable symbol
    search.
    
    See ‘Writing portable packages’ in the ‘Writing R Extensions’ manual.
Flavors: r-devel-linux-x86_64-fedora-clang, r-devel-linux-x86_64-fedora-gcc