CRAN Package Check Results for Package featurizer

Last updated on 2023-03-25 05:50:31 CET.

Flavor Version Tinstall Tcheck Ttotal Status Flags
r-devel-linux-x86_64-debian-clang 0.2 2.07 20.73 22.80 NOTE
r-devel-linux-x86_64-debian-gcc 0.2 1.60 16.52 18.12 NOTE
r-devel-linux-x86_64-fedora-clang 0.2 29.50 NOTE
r-devel-linux-x86_64-fedora-gcc 0.2 27.76 NOTE
r-patched-linux-x86_64 0.2 1.94 21.47 23.41 NOTE
r-release-linux-x86_64 0.2 1.86 21.77 23.63 NOTE
r-release-macos-arm64 0.2 13.00 NOTE
r-release-macos-x86_64 0.2 19.00 NOTE
r-release-windows-x86_64 0.2 5.00 49.00 54.00 NOTE
r-oldrel-macos-arm64 0.2 19.00 NOTE
r-oldrel-macos-x86_64 0.2 24.00 NOTE
r-oldrel-windows-ix86+x86_64 0.2 5.00 28.00 33.00 NOTE

Check Details

Version: 0.2
Check: LazyData
Result: NOTE
     'LazyData' is specified without a 'data' directory
Flavors: r-devel-linux-x86_64-debian-clang, r-devel-linux-x86_64-debian-gcc, r-devel-linux-x86_64-fedora-clang, r-devel-linux-x86_64-fedora-gcc, r-patched-linux-x86_64, r-release-linux-x86_64, r-release-macos-arm64, r-release-macos-x86_64, r-release-windows-x86_64, r-oldrel-macos-arm64, r-oldrel-macos-x86_64, r-oldrel-windows-ix86+x86_64