CRAN Package Check Results for Package fec16

Last updated on 2024-03-03 07:50:03 CET.

Flavor Version Tinstall Tcheck Ttotal Status Flags
r-devel-linux-x86_64-debian-clang 0.1.4 6.11 58.90 65.01 OK
r-devel-linux-x86_64-debian-gcc 0.1.4 5.81 45.07 50.88 OK
r-devel-linux-x86_64-fedora-clang 0.1.4 83.05 NOTE
r-devel-linux-x86_64-fedora-gcc 0.1.4 92.52 NOTE
r-devel-windows-x86_64 0.1.4 9.00 74.00 83.00 OK
r-patched-linux-x86_64 0.1.4 6.41 57.57 63.98 OK
r-release-linux-x86_64 0.1.4 5.92 58.50 64.42 OK
r-release-macos-arm64 0.1.4 37.00 OK
r-release-macos-x86_64 0.1.4 66.00 OK
r-release-windows-x86_64 0.1.4 12.00 79.00 91.00 OK
r-oldrel-macos-arm64 0.1.4 33.00 OK
r-oldrel-windows-x86_64 0.1.4 12.00 77.00 89.00 OK

Check Details

Version: 0.1.4
Check: data for non-ASCII characters
Result: NOTE Note: found 20 marked UTF-8 strings Flavors: r-devel-linux-x86_64-fedora-clang, r-devel-linux-x86_64-fedora-gcc