CRAN Package Check Results for Package ffstream

Last updated on 2021-06-19 06:48:07 CEST.

Flavor Version Tinstall Tcheck Ttotal Status Flags
r-devel-linux-x86_64-debian-clang 0.1.6 135.46 74.59 210.05 NOTE
r-devel-linux-x86_64-debian-gcc 0.1.6 86.31 55.87 142.18 NOTE
r-devel-linux-x86_64-fedora-clang 0.1.6 291.16 NOTE
r-devel-linux-x86_64-fedora-gcc 0.1.6 259.04 NOTE
r-devel-windows-x86_64 0.1.6 153.00 82.00 235.00 NOTE
r-devel-windows-x86_64-gcc10-UCRT 0.1.6 NOTE
r-patched-linux-x86_64 0.1.6 104.08 70.55 174.63 NOTE
r-patched-solaris-x86 0.1.6 240.00 NOTE
r-release-linux-x86_64 0.1.6 106.78 71.26 178.04 NOTE
r-release-macos-arm64 0.1.6 NOTE
r-release-macos-x86_64 0.1.6 NOTE
r-release-windows-ix86+x86_64 0.1.6 288.00 136.00 424.00 NOTE
r-oldrel-macos-x86_64 0.1.6 NOTE
r-oldrel-windows-ix86+x86_64 0.1.6 217.00 140.00 357.00 OK

Check Details

Version: 0.1.6
Check: LazyData
Result: NOTE
     'LazyData' is specified without a 'data' directory
Flavors: r-devel-linux-x86_64-debian-clang, r-devel-linux-x86_64-debian-gcc, r-devel-linux-x86_64-fedora-clang, r-devel-linux-x86_64-fedora-gcc, r-devel-windows-x86_64, r-devel-windows-x86_64-gcc10-UCRT, r-patched-linux-x86_64, r-patched-solaris-x86, r-release-linux-x86_64, r-release-macos-arm64, r-release-macos-x86_64, r-release-windows-ix86+x86_64

Version: 0.1.6
Check: installed package size
Result: NOTE
     installed size is 9.0Mb
     sub-directories of 1Mb or more:
     libs 8.5Mb
Flavors: r-devel-linux-x86_64-fedora-clang, r-release-macos-arm64, r-release-macos-x86_64, r-oldrel-macos-x86_64