CRAN Package Check Results for Package fgeo.analyze

Last updated on 2021-04-21 06:47:40 CEST.

Flavor Version Tinstall Tcheck Ttotal Status Flags
r-devel-linux-x86_64-debian-clang 1.1.14 6.57 109.20 115.77 NOTE
r-devel-linux-x86_64-debian-gcc 1.1.14 4.45 78.66 83.11 NOTE
r-devel-linux-x86_64-fedora-clang 1.1.14 151.60 NOTE
r-devel-linux-x86_64-fedora-gcc 1.1.14 131.87 NOTE
r-devel-windows-ix86+x86_64 1.1.14 11.00 93.00 104.00 NOTE
r-devel-windows-x86_64-gcc10-UCRT 1.1.14 NOTE
r-patched-linux-x86_64 1.1.14 10.10 104.57 114.67 WARN
r-patched-solaris-x86 1.1.14 178.30 OK
r-release-linux-x86_64 1.1.14 5.04 103.92 108.96 OK
r-release-macos-x86_64 1.1.14 OK
r-release-windows-ix86+x86_64 1.1.14 15.00 135.00 150.00 OK
r-oldrel-macos-x86_64 1.1.14 OK
r-oldrel-windows-ix86+x86_64 1.1.14 27.00 125.00 152.00 OK

Check Details

Version: 1.1.14
Check: LazyData
Result: NOTE
     'LazyData' is specified without a 'data' directory
Flavors: r-devel-linux-x86_64-debian-clang, r-devel-linux-x86_64-debian-gcc, r-devel-linux-x86_64-fedora-clang, r-devel-linux-x86_64-fedora-gcc, r-devel-windows-ix86+x86_64, r-devel-windows-x86_64-gcc10-UCRT

Version: 1.1.14
Check: whether package can be installed
Result: WARN
    Found the following significant warnings:
     Rd warning: /tmp/RtmpbM250g/R.INSTALL19d517c545ec/fgeo.analyze/man/pipe.Rd:10: file link ‘%>%’ in package ‘magrittr’ does not exist and so has been treated as a topic
Flavor: r-patched-linux-x86_64