Last updated on 2023-01-31 06:51:21 CET.
Flavor | Version | Tinstall | Tcheck | Ttotal | Status | Flags |
---|---|---|---|---|---|---|
r-devel-linux-x86_64-debian-clang | 0.1-7 | 54.59 | 107.70 | 162.29 | OK | |
r-devel-linux-x86_64-debian-gcc | 0.1-7 | 43.77 | 81.56 | 125.33 | NOTE | |
r-devel-linux-x86_64-fedora-clang | 0.1-7 | 222.74 | NOTE | |||
r-devel-linux-x86_64-fedora-gcc | 0.1-7 | 227.72 | NOTE | |||
r-devel-windows-x86_64 | 0.1-7 | 72.00 | 146.00 | 218.00 | NOTE | |
r-patched-linux-x86_64 | 0.1-7 | 46.87 | 102.32 | 149.19 | OK | |
r-release-linux-x86_64 | 0.1-7 | 44.90 | 104.80 | 149.70 | OK | |
r-release-macos-arm64 | 0.1-7 | 56.00 | OK | |||
r-release-macos-x86_64 | 0.1-7 | 74.00 | OK | |||
r-release-windows-x86_64 | 0.1-7 | 67.00 | 151.00 | 218.00 | OK | |
r-oldrel-macos-arm64 | 0.1-7 | 56.00 | OK | |||
r-oldrel-macos-x86_64 | 0.1-7 | 73.00 | OK | |||
r-oldrel-windows-ix86+x86_64 | 0.1-7 | 141.00 | 168.00 | 309.00 | OK |
Version: 0.1-7
Check: C++ specification
Result: NOTE
Specified C++11: please update to current default of C++17
Flavors: r-devel-linux-x86_64-debian-gcc, r-devel-linux-x86_64-fedora-clang, r-devel-linux-x86_64-fedora-gcc, r-devel-windows-x86_64