CRAN Package Check Results for Package fic

Last updated on 2020-09-27 06:46:33 CEST.

Flavor Version Tinstall Tcheck Ttotal Status Flags
r-devel-linux-x86_64-debian-clang 1.0.0 9.88 186.24 196.12 OK
r-devel-linux-x86_64-debian-gcc 1.0.0 8.80 138.28 147.08 OK
r-devel-linux-x86_64-fedora-clang 1.0.0 237.97 NOTE
r-devel-linux-x86_64-fedora-gcc 1.0.0 230.19 NOTE
r-devel-windows-ix86+x86_64 1.0.0 24.00 267.00 291.00 OK
r-patched-linux-x86_64 1.0.0 9.89 172.88 182.77 OK
r-patched-solaris-x86 1.0.0 305.40 NOTE
r-release-linux-x86_64 1.0.0 9.28 174.15 183.43 OK
r-release-macos-x86_64 1.0.0 NOTE
r-release-windows-ix86+x86_64 1.0.0 43.00 277.00 320.00 OK
r-oldrel-macos-x86_64 1.0.0 NOTE
r-oldrel-windows-ix86+x86_64 1.0.0 21.00 270.00 291.00 OK

Check Details

Version: 1.0.0
Check: dependencies in R code
Result: NOTE
    Namespace in Imports field not imported from: ‘numDeriv’
     All declared Imports should be used.
Flavors: r-devel-linux-x86_64-fedora-clang, r-devel-linux-x86_64-fedora-gcc, r-patched-solaris-x86, r-release-macos-x86_64, r-oldrel-macos-x86_64