CRAN Package Check Results for Package filehash

Last updated on 2020-08-14 06:48:54 CEST.

Flavor Version Tinstall Tcheck Ttotal Status Flags
r-devel-linux-x86_64-debian-clang 2.4-2 6.28 33.30 39.58 NOTE
r-devel-linux-x86_64-debian-gcc 2.4-2 4.57 26.56 31.13 NOTE
r-devel-linux-x86_64-fedora-clang 2.4-2 56.67 NOTE
r-devel-linux-x86_64-fedora-gcc 2.4-2 47.23 NOTE
r-devel-windows-ix86+x86_64 2.4-2 23.00 61.00 84.00 OK
r-patched-linux-x86_64 2.4-2 5.12 32.76 37.88 NOTE
r-patched-solaris-x86 2.4-2 73.80 NOTE
r-release-linux-x86_64 2.4-2 5.42 32.80 38.22 NOTE
r-release-macos-x86_64 2.4-2 OK
r-release-windows-ix86+x86_64 2.4-2 15.00 63.00 78.00 OK
r-oldrel-macos-x86_64 2.4-2 OK
r-oldrel-windows-ix86+x86_64 2.4-2 16.00 75.00 91.00 OK

Check Details

Version: 2.4-2
Check: for non-standard things in the check directory
Result: NOTE
    Found the following files/directories:
     'dataframe.dump' 'list.dump' 'myDB'
Flavors: r-devel-linux-x86_64-debian-clang, r-devel-linux-x86_64-debian-gcc, r-devel-linux-x86_64-fedora-clang, r-devel-linux-x86_64-fedora-gcc, r-patched-linux-x86_64, r-patched-solaris-x86, r-release-linux-x86_64