Last updated on 2023-03-25 05:50:31 CET.
Flavor | Version | Tinstall | Tcheck | Ttotal | Status | Flags |
---|---|---|---|---|---|---|
r-devel-linux-x86_64-debian-clang | 1.0.0 | 2.04 | 23.32 | 25.36 | NOTE | |
r-devel-linux-x86_64-debian-gcc | 1.0.0 | 1.40 | 18.29 | 19.69 | NOTE | |
r-devel-linux-x86_64-fedora-clang | 1.0.0 | 32.95 | NOTE | |||
r-devel-linux-x86_64-fedora-gcc | 1.0.0 | 30.91 | NOTE | |||
r-patched-linux-x86_64 | 1.0.0 | 2.39 | 23.58 | 25.97 | NOTE | |
r-release-linux-x86_64 | 1.0.0 | 1.58 | 23.93 | 25.51 | NOTE | |
r-release-macos-arm64 | 1.0.0 | 14.00 | NOTE | |||
r-release-macos-x86_64 | 1.0.0 | 21.00 | NOTE | |||
r-release-windows-x86_64 | 1.0.0 | 20.00 | 55.00 | 75.00 | NOTE | |
r-oldrel-macos-arm64 | 1.0.0 | 19.00 | NOTE | |||
r-oldrel-macos-x86_64 | 1.0.0 | 24.00 | NOTE | |||
r-oldrel-windows-ix86+x86_64 | 1.0.0 | 5.00 | 50.00 | 55.00 | NOTE |
Version: 1.0.0
Check: LazyData
Result: NOTE
'LazyData' is specified without a 'data' directory
Flavors: r-devel-linux-x86_64-debian-clang, r-devel-linux-x86_64-debian-gcc, r-devel-linux-x86_64-fedora-clang, r-devel-linux-x86_64-fedora-gcc, r-patched-linux-x86_64, r-release-linux-x86_64, r-release-macos-arm64, r-release-macos-x86_64, r-release-windows-x86_64, r-oldrel-macos-arm64, r-oldrel-macos-x86_64, r-oldrel-windows-ix86+x86_64