CRAN Package Check Results for Package fingerPro

Last updated on 2021-01-16 06:51:07 CET.

Flavor Version Tinstall Tcheck Ttotal Status Flags
r-devel-linux-x86_64-debian-clang 1.1 37.41 144.03 181.44 OK
r-devel-linux-x86_64-debian-gcc 1.1 31.25 109.55 140.80 OK
r-devel-linux-x86_64-fedora-clang 1.1 238.10 NOTE
r-devel-linux-x86_64-fedora-gcc 1.1 225.74 NOTE
r-devel-windows-ix86+x86_64 1.1 72.00 188.00 260.00 OK
r-patched-linux-x86_64 1.1 24.99 132.69 157.68 OK
r-patched-solaris-x86 1.1 333.20 NOTE
r-release-linux-x86_64 1.1 25.43 132.60 158.03 OK
r-release-macos-x86_64 1.1 NOTE
r-release-windows-ix86+x86_64 1.1 75.00 192.00 267.00 OK
r-oldrel-macos-x86_64 1.1 WARN
r-oldrel-windows-ix86+x86_64 1.1 82.00 208.00 290.00 OK

Check Details

Version: 1.1
Check: dependencies in R code
Result: NOTE
    Namespace in Imports field not imported from: ‘RcppProgress’
     All declared Imports should be used.
Flavors: r-devel-linux-x86_64-fedora-clang, r-devel-linux-x86_64-fedora-gcc, r-patched-solaris-x86, r-release-macos-x86_64, r-oldrel-macos-x86_64

Version: 1.1
Check: whether package can be installed
Result: WARN
    Found the following significant warnings:
     Warning: 'rgl_init' failed, running with rgl.useNULL = TRUE
Flavor: r-oldrel-macos-x86_64