CRAN Package Check Results for Package fingertipsR

Last updated on 2020-08-11 06:47:19 CEST.

Flavor Version Tinstall Tcheck Ttotal Status Flags
r-devel-linux-x86_64-debian-clang 1.0.4 7.00 114.55 121.55 ERROR
r-devel-linux-x86_64-debian-gcc 1.0.4 5.66 86.89 92.55 ERROR
r-devel-linux-x86_64-fedora-clang 1.0.4 151.05 ERROR
r-devel-linux-x86_64-fedora-gcc 1.0.4 141.85 ERROR
r-devel-windows-ix86+x86_64 1.0.4 17.00 357.00 374.00 ERROR
r-patched-linux-x86_64 1.0.4 6.63 114.03 120.66 ERROR
r-patched-solaris-x86 1.0.4 183.60 ERROR
r-release-linux-x86_64 1.0.4 6.74 112.37 119.11 ERROR
r-release-macos-x86_64 1.0.4 WARN
r-release-windows-ix86+x86_64 1.0.4 29.00 344.00 373.00 ERROR
r-oldrel-macos-x86_64 1.0.4 WARN
r-oldrel-windows-ix86+x86_64 1.0.4 15.00 279.00 294.00 ERROR

Check Details

Version: 1.0.4
Check: tests
Result: ERROR
     Running 'a-c.R' [7s/26s]
     Running 'd.R' [6s/25s]
     Running 'e.R' [22s/96s]
     Running 'f-z.R' [14s/61s]
    Running the tests in 'tests/a-c.R' failed.
    Complete output:
     > library(testthat)
     > library(fingertipsR)
     >
     > test_check("fingertipsR", filter = "^[a-c]")
     -- 1. Failure: the area_types function works correctly (@test-area_types.R#12)
     area_types(c("gov", "count")) not equal to area_types(AreaTypeID = c(102, 6)).
     Attributes: < Component "row.names": Numeric: lengths (1, 5) differ >
     Component "AreaTypeID": Numeric: lengths (1, 5) differ
     Component "AreaTypeName": Lengths (1, 5) differ (string compare on first 1)
     Component "ParentAreaTypeID": Numeric: lengths (1, 5) differ
     Component "ParentAreaTypeName": Lengths (1, 5) differ (string compare on first 1)
    
     == testthat results ===========================================================
     [ OK: 22 | SKIPPED: 0 | WARNINGS: 0 | FAILED: 1 ]
     1. Failure: the area_types function works correctly (@test-area_types.R#12)
    
     Error: testthat unit tests failed
     Execution halted
    Running the tests in 'tests/e.R' failed.
    Complete output:
     > library(testthat)
     > library(fingertipsR)
     >
     > test_check("fingertipsR", filter = "^[e]")
     On 09/08/2020 Fingertips consisted of 44 profiles, made up of 3641 indicators and 1694 distinct indicators.-- 1. Failure: the correct urls are produced (@test-extract.R#86) -------------
     fingertips_data(...) not equal to c(...).
     Lengths differ: 10 is not 8
    
    
     |
     | | 0%
     |
     |===== | 8%
     |
     |=========== | 15%
     |
     |================ | 23%
     |
     |====================== | 31%
     |
     |=========================== | 38%
     |
     |================================ | 46%
     |
     |====================================== | 54%
     |
     |=========================================== | 62%
     |
     |================================================ | 69%
     |
     |====================================================== | 77%
     |
     |=========================================================== | 85%
     |
     |================================================================= | 92%
     |
     |======================================================================| 100%
    
     |
     | | 0%
     |
     |======================================================================| 100%
     == testthat results ===========================================================
     [ OK: 28 | SKIPPED: 0 | WARNINGS: 1 | FAILED: 1 ]
     1. Failure: the correct urls are produced (@test-extract.R#86)
    
     Error: testthat unit tests failed
     Execution halted
Flavor: r-devel-linux-x86_64-debian-clang

Version: 1.0.4
Check: tests
Result: ERROR
     Running ‘a-c.R’ [4s/29s]
     Running ‘d.R’ [4s/26s]
     Running ‘e.R’ [17s/95s]
     Running ‘f-z.R’ [11s/59s]
    Running the tests in ‘tests/a-c.R’ failed.
    Complete output:
     > library(testthat)
     > library(fingertipsR)
     >
     > test_check("fingertipsR", filter = "^[a-c]")
     ── 1. Failure: the area_types function works correctly (@test-area_types.R#12)
     area_types(c("gov", "count")) not equal to area_types(AreaTypeID = c(102, 6)).
     Attributes: < Component "row.names": Numeric: lengths (1, 5) differ >
     Component "AreaTypeID": Numeric: lengths (1, 5) differ
     Component "AreaTypeName": Lengths (1, 5) differ (string compare on first 1)
     Component "ParentAreaTypeID": Numeric: lengths (1, 5) differ
     Component "ParentAreaTypeName": Lengths (1, 5) differ (string compare on first 1)
    
     ══ testthat results ═══════════════════════════════════════════════════════════
     [ OK: 22 | SKIPPED: 0 | WARNINGS: 0 | FAILED: 1 ]
     1. Failure: the area_types function works correctly (@test-area_types.R#12)
    
     Error: testthat unit tests failed
     Execution halted
    Running the tests in ‘tests/e.R’ failed.
    Complete output:
     > library(testthat)
     > library(fingertipsR)
     >
     > test_check("fingertipsR", filter = "^[e]")
     On 10/08/2020 Fingertips consisted of 44 profiles, made up of 3641 indicators and 1694 distinct indicators.── 1. Failure: the correct urls are produced (@test-extract.R#86) ─────────────
     fingertips_data(...) not equal to c(...).
     Lengths differ: 10 is not 8
    
    
     |
     | | 0%
     |
     |===== | 8%
     |
     |=========== | 15%
     |
     |================ | 23%
     |
     |====================== | 31%
     |
     |=========================== | 38%
     |
     |================================ | 46%
     |
     |====================================== | 54%
     |
     |=========================================== | 62%
     |
     |================================================ | 69%
     |
     |====================================================== | 77%
     |
     |=========================================================== | 85%
     |
     |================================================================= | 92%
     |
     |======================================================================| 100%
    
     |
     | | 0%
     |
     |======================================================================| 100%
     ══ testthat results ═══════════════════════════════════════════════════════════
     [ OK: 28 | SKIPPED: 0 | WARNINGS: 1 | FAILED: 1 ]
     1. Failure: the correct urls are produced (@test-extract.R#86)
    
     Error: testthat unit tests failed
     Execution halted
Flavor: r-devel-linux-x86_64-debian-gcc

Version: 1.0.4
Check: tests
Result: ERROR
     Running ‘a-c.R’ [7s/25s]
     Running ‘d.R’ [6s/26s]
     Running ‘e.R’ [27s/93s]
     Running ‘f-z.R’ [19s/56s]
    Running the tests in ‘tests/a-c.R’ failed.
    Complete output:
     > library(testthat)
     > library(fingertipsR)
     >
     > test_check("fingertipsR", filter = "^[a-c]")
     ── 1. Failure: the area_types function works correctly (@test-area_types.R#12)
     area_types(c("gov", "count")) not equal to area_types(AreaTypeID = c(102, 6)).
     Attributes: < Component "row.names": Numeric: lengths (1, 5) differ >
     Component "AreaTypeID": Numeric: lengths (1, 5) differ
     Component "AreaTypeName": Lengths (1, 5) differ (string compare on first 1)
     Component "ParentAreaTypeID": Numeric: lengths (1, 5) differ
     Component "ParentAreaTypeName": Lengths (1, 5) differ (string compare on first 1)
    
     ══ testthat results ═══════════════════════════════════════════════════════════
     [ OK: 22 | SKIPPED: 0 | WARNINGS: 0 | FAILED: 1 ]
     1. Failure: the area_types function works correctly (@test-area_types.R#12)
    
     Error: testthat unit tests failed
     Execution halted
    Running the tests in ‘tests/e.R’ failed.
    Complete output:
     > library(testthat)
     > library(fingertipsR)
     >
     > test_check("fingertipsR", filter = "^[e]")
     On 08/08/2020 Fingertips consisted of 44 profiles, made up of 3641 indicators and 1694 distinct indicators.── 1. Failure: the correct urls are produced (@test-extract.R#86) ─────────────
     fingertips_data(...) not equal to c(...).
     Lengths differ: 10 is not 8
    
    
     |
     | | 0%
     |
     |===== | 8%
     |
     |=========== | 15%
     |
     |================ | 23%
     |
     |====================== | 31%
     |
     |=========================== | 38%
     |
     |================================ | 46%
     |
     |====================================== | 54%
     |
     |=========================================== | 62%
     |
     |================================================ | 69%
     |
     |====================================================== | 77%
     |
     |=========================================================== | 85%
     |
     |================================================================= | 92%
     |
     |======================================================================| 100%
    
     |
     | | 0%
     |
     |======================================================================| 100%
     ══ testthat results ═══════════════════════════════════════════════════════════
     [ OK: 28 | SKIPPED: 0 | WARNINGS: 1 | FAILED: 1 ]
     1. Failure: the correct urls are produced (@test-extract.R#86)
    
     Error: testthat unit tests failed
     Execution halted
Flavor: r-devel-linux-x86_64-fedora-clang

Version: 1.0.4
Check: tests
Result: ERROR
     Running ‘a-c.R’ [7s/25s]
     Running ‘d.R’ [6s/23s]
     Running ‘e.R’ [26s/86s]
     Running ‘f-z.R’ [17s/52s]
    Running the tests in ‘tests/a-c.R’ failed.
    Complete output:
     > library(testthat)
     > library(fingertipsR)
     >
     > test_check("fingertipsR", filter = "^[a-c]")
     ── 1. Failure: the area_types function works correctly (@test-area_types.R#12)
     area_types(c("gov", "count")) not equal to area_types(AreaTypeID = c(102, 6)).
     Attributes: < Component "row.names": Numeric: lengths (1, 5) differ >
     Component "AreaTypeID": Numeric: lengths (1, 5) differ
     Component "AreaTypeName": Lengths (1, 5) differ (string compare on first 1)
     Component "ParentAreaTypeID": Numeric: lengths (1, 5) differ
     Component "ParentAreaTypeName": Lengths (1, 5) differ (string compare on first 1)
    
     ══ testthat results ═══════════════════════════════════════════════════════════
     [ OK: 22 | SKIPPED: 0 | WARNINGS: 0 | FAILED: 1 ]
     1. Failure: the area_types function works correctly (@test-area_types.R#12)
    
     Error: testthat unit tests failed
     Execution halted
    Running the tests in ‘tests/e.R’ failed.
    Complete output:
     > library(testthat)
     > library(fingertipsR)
     >
     > test_check("fingertipsR", filter = "^[e]")
     On 09/08/2020 Fingertips consisted of 44 profiles, made up of 3641 indicators and 1694 distinct indicators.── 1. Failure: the correct urls are produced (@test-extract.R#86) ─────────────
     fingertips_data(...) not equal to c(...).
     Lengths differ: 10 is not 8
    
    
     |
     | | 0%
     |
     |===== | 8%
     |
     |=========== | 15%
     |
     |================ | 23%
     |
     |====================== | 31%
     |
     |=========================== | 38%
     |
     |================================ | 46%
     |
     |====================================== | 54%
     |
     |=========================================== | 62%
     |
     |================================================ | 69%
     |
     |====================================================== | 77%
     |
     |=========================================================== | 85%
     |
     |================================================================= | 92%
     |
     |======================================================================| 100%
    
     |
     | | 0%
     |
     |======================================================================| 100%
     ══ testthat results ═══════════════════════════════════════════════════════════
     [ OK: 28 | SKIPPED: 0 | WARNINGS: 1 | FAILED: 1 ]
     1. Failure: the correct urls are produced (@test-extract.R#86)
    
     Error: testthat unit tests failed
     Execution halted
Flavor: r-devel-linux-x86_64-fedora-gcc

Version: 1.0.4
Check: tests
Result: ERROR
     Running 'a-c.R' [29s]
     Running 'd.R' [30s]
     Running 'e.R' [104s]
     Running 'f-z.R' [66s]
    Running the tests in 'tests/a-c.R' failed.
    Complete output:
     > library(testthat)
     > library(fingertipsR)
     >
     > test_check("fingertipsR", filter = "^[a-c]")
     -- 1. Failure: the area_types function works correctly (@test-area_types.R#12)
     area_types(c("gov", "count")) not equal to area_types(AreaTypeID = c(102, 6)).
     Attributes: < Component "row.names": Numeric: lengths (1, 5) differ >
     Component "AreaTypeID": Numeric: lengths (1, 5) differ
     Component "AreaTypeName": Lengths (1, 5) differ (string compare on first 1)
     Component "ParentAreaTypeID": Numeric: lengths (1, 5) differ
     Component "ParentAreaTypeName": Lengths (1, 5) differ (string compare on first 1)
    
     == testthat results ===========================================================
     [ OK: 22 | SKIPPED: 0 | WARNINGS: 0 | FAILED: 1 ]
     1. Failure: the area_types function works correctly (@test-area_types.R#12)
    
     Error: testthat unit tests failed
     Execution halted
    Running the tests in 'tests/e.R' failed.
    Complete output:
     > library(testthat)
     > library(fingertipsR)
     >
     > test_check("fingertipsR", filter = "^[e]")
     On 06/08/2020 Fingertips consisted of 44 profiles, made up of 3641 indicators and 1694 distinct indicators.-- 1. Failure: the correct urls are produced (@test-extract.R#86) -------------
     fingertips_data(...) not equal to c(...).
     Lengths differ: 10 is not 8
    
    
     |
     | | 0%
     |
     |===== | 8%
     |
     |=========== | 15%
     |
     |================ | 23%
     |
     |====================== | 31%
     |
     |=========================== | 38%
     |
     |================================ | 46%
     |
     |====================================== | 54%
     |
     |=========================================== | 62%
     |
     |================================================ | 69%
     |
     |====================================================== | 77%
     |
     |=========================================================== | 85%
     |
     |================================================================= | 92%
     |
     |======================================================================| 100%
    
     |
     | | 0%
     |
     |======================================================================| 100%
     == testthat results ===========================================================
     [ OK: 28 | SKIPPED: 0 | WARNINGS: 1 | FAILED: 1 ]
     1. Failure: the correct urls are produced (@test-extract.R#86)
    
     Error: testthat unit tests failed
     Execution halted
Flavor: r-devel-windows-ix86+x86_64

Version: 1.0.4
Check: tests
Result: ERROR
     Running ‘a-c.R’ [6s/26s]
     Running ‘d.R’ [5s/27s]
     Running ‘e.R’ [24s/100s]
     Running ‘f-z.R’ [15s/65s]
    Running the tests in ‘tests/a-c.R’ failed.
    Complete output:
     > library(testthat)
     > library(fingertipsR)
     >
     > test_check("fingertipsR", filter = "^[a-c]")
     ── 1. Failure: the area_types function works correctly (@test-area_types.R#12)
     area_types(c("gov", "count")) not equal to area_types(AreaTypeID = c(102, 6)).
     Attributes: < Component "row.names": Numeric: lengths (1, 5) differ >
     Component "AreaTypeID": Numeric: lengths (1, 5) differ
     Component "AreaTypeName": Lengths (1, 5) differ (string compare on first 1)
     Component "ParentAreaTypeID": Numeric: lengths (1, 5) differ
     Component "ParentAreaTypeName": Lengths (1, 5) differ (string compare on first 1)
    
     ══ testthat results ═══════════════════════════════════════════════════════════
     [ OK: 22 | SKIPPED: 0 | WARNINGS: 0 | FAILED: 1 ]
     1. Failure: the area_types function works correctly (@test-area_types.R#12)
    
     Error: testthat unit tests failed
     Execution halted
    Running the tests in ‘tests/e.R’ failed.
    Complete output:
     > library(testthat)
     > library(fingertipsR)
     >
     > test_check("fingertipsR", filter = "^[e]")
     On 10/08/2020 Fingertips consisted of 44 profiles, made up of 3641 indicators and 1694 distinct indicators.── 1. Failure: the correct urls are produced (@test-extract.R#86) ─────────────
     fingertips_data(...) not equal to c(...).
     Lengths differ: 10 is not 8
    
    
     |
     | | 0%
     |
     |===== | 8%
     |
     |=========== | 15%
     |
     |================ | 23%
     |
     |====================== | 31%
     |
     |=========================== | 38%
     |
     |================================ | 46%
     |
     |====================================== | 54%
     |
     |=========================================== | 62%
     |
     |================================================ | 69%
     |
     |====================================================== | 77%
     |
     |=========================================================== | 85%
     |
     |================================================================= | 92%
     |
     |======================================================================| 100%
    
     |
     | | 0%
     |
     |======================================================================| 100%
     ══ testthat results ═══════════════════════════════════════════════════════════
     [ OK: 28 | SKIPPED: 0 | WARNINGS: 1 | FAILED: 1 ]
     1. Failure: the correct urls are produced (@test-extract.R#86)
    
     Error: testthat unit tests failed
     Execution halted
Flavor: r-patched-linux-x86_64

Version: 1.0.4
Check: tests
Result: ERROR
     Running ‘a-c.R’ [9s/34s]
     Running ‘d.R’ [8s/33s]
     Running ‘e.R’ [31s/91s]
     Running ‘f-z.R’ [17s/65s]
    Running the tests in ‘tests/a-c.R’ failed.
    Complete output:
     > library(testthat)
     > library(fingertipsR)
     >
     > test_check("fingertipsR", filter = "^[a-c]")
     ── 1. Failure: the area_types function works correctly (@test-area_types.R#12)
     area_types(c("gov", "count")) not equal to area_types(AreaTypeID = c(102, 6)).
     Attributes: < Component "row.names": Numeric: lengths (1, 5) differ >
     Component "AreaTypeID": Numeric: lengths (1, 5) differ
     Component "AreaTypeName": Lengths (1, 5) differ (string compare on first 1)
     Component "ParentAreaTypeID": Numeric: lengths (1, 5) differ
     Component "ParentAreaTypeName": Lengths (1, 5) differ (string compare on first 1)
    
     ══ testthat results ═══════════════════════════════════════════════════════════
     [ OK: 22 | SKIPPED: 0 | WARNINGS: 0 | FAILED: 1 ]
     1. Failure: the area_types function works correctly (@test-area_types.R#12)
    
     Error: testthat unit tests failed
     Execution halted
    Running the tests in ‘tests/e.R’ failed.
    Complete output:
     > library(testthat)
     > library(fingertipsR)
     >
     > test_check("fingertipsR", filter = "^[e]")
     On 05/08/2020 Fingertips consisted of 44 profiles, made up of 3641 indicators and 1694 distinct indicators.── 1. Failure: the correct urls are produced (@test-extract.R#86) ─────────────
     fingertips_data(...) not equal to c(...).
     Lengths differ: 10 is not 8
    
    
     |
     | | 0%
     |
     |===== | 8%
     |
     |=========== | 15%
     |
     |================ | 23%
     |
     |====================== | 31%
     |
     |=========================== | 38%
     |
     |================================ | 46%
     |
     |====================================== | 54%
     |
     |=========================================== | 62%
     |
     |================================================ | 69%
     |
     |====================================================== | 77%
     |
     |=========================================================== | 85%
     |
     |================================================================= | 92%
     |
     |======================================================================| 100%
    
     |
     | | 0%
     |
     |======================================================================| 100%
     ══ testthat results ═══════════════════════════════════════════════════════════
     [ OK: 28 | SKIPPED: 0 | WARNINGS: 1 | FAILED: 1 ]
     1. Failure: the correct urls are produced (@test-extract.R#86)
    
     Error: testthat unit tests failed
     Execution halted
Flavor: r-patched-solaris-x86

Version: 1.0.4
Check: re-building of vignette outputs
Result: WARN
    Error(s) in re-building vignettes:
     ...
    --- re-building ‘lifeExpectancy.Rmd’ using rmarkdown
    Warning in engine$weave(file, quiet = quiet, encoding = enc) :
     Pandoc (>= 1.12.3) and/or pandoc-citeproc not available. Falling back to R Markdown v1.
    Quitting from lines 76-77 (lifeExpectancy.Rmd)
    Error: processing vignette 'lifeExpectancy.Rmd' failed with diagnostics:
    there is no package called 'webshot'
    --- failed re-building ‘lifeExpectancy.Rmd’
    
    --- re-building ‘selectIndicatorsRedRed.Rmd’ using rmarkdown
    Warning in engine$weave(file, quiet = quiet, encoding = enc) :
     Pandoc (>= 1.12.3) and/or pandoc-citeproc not available. Falling back to R Markdown v1.
    --- finished re-building ‘selectIndicatorsRedRed.Rmd’
    
    SUMMARY: processing the following file failed:
     ‘lifeExpectancy.Rmd’
    
    Error: Vignette re-building failed.
    Execution halted
Flavor: r-patched-solaris-x86

Version: 1.0.4
Check: tests
Result: ERROR
     Running ‘a-c.R’ [6s/28s]
     Running ‘d.R’ [5s/26s]
     Running ‘e.R’ [23s/97s]
     Running ‘f-z.R’ [14s/62s]
    Running the tests in ‘tests/a-c.R’ failed.
    Complete output:
     > library(testthat)
     > library(fingertipsR)
     >
     > test_check("fingertipsR", filter = "^[a-c]")
     ── 1. Failure: the area_types function works correctly (@test-area_types.R#12)
     area_types(c("gov", "count")) not equal to area_types(AreaTypeID = c(102, 6)).
     Attributes: < Component "row.names": Numeric: lengths (1, 5) differ >
     Component "AreaTypeID": Numeric: lengths (1, 5) differ
     Component "AreaTypeName": Lengths (1, 5) differ (string compare on first 1)
     Component "ParentAreaTypeID": Numeric: lengths (1, 5) differ
     Component "ParentAreaTypeName": Lengths (1, 5) differ (string compare on first 1)
    
     ══ testthat results ═══════════════════════════════════════════════════════════
     [ OK: 22 | SKIPPED: 0 | WARNINGS: 0 | FAILED: 1 ]
     1. Failure: the area_types function works correctly (@test-area_types.R#12)
    
     Error: testthat unit tests failed
     Execution halted
    Running the tests in ‘tests/e.R’ failed.
    Complete output:
     > library(testthat)
     > library(fingertipsR)
     >
     > test_check("fingertipsR", filter = "^[e]")
     On 08/08/2020 Fingertips consisted of 44 profiles, made up of 3641 indicators and 1694 distinct indicators.── 1. Failure: the correct urls are produced (@test-extract.R#86) ─────────────
     fingertips_data(...) not equal to c(...).
     Lengths differ: 10 is not 8
    
    
     |
     | | 0%
     |
     |===== | 8%
     |
     |=========== | 15%
     |
     |================ | 23%
     |
     |====================== | 31%
     |
     |=========================== | 38%
     |
     |================================ | 46%
     |
     |====================================== | 54%
     |
     |=========================================== | 62%
     |
     |================================================ | 69%
     |
     |====================================================== | 77%
     |
     |=========================================================== | 85%
     |
     |================================================================= | 92%
     |
     |======================================================================| 100%
    
     |
     | | 0%
     |
     |======================================================================| 100%
     ══ testthat results ═══════════════════════════════════════════════════════════
     [ OK: 28 | SKIPPED: 0 | WARNINGS: 1 | FAILED: 1 ]
     1. Failure: the correct urls are produced (@test-extract.R#86)
    
     Error: testthat unit tests failed
     Execution halted
Flavor: r-release-linux-x86_64

Version: 1.0.4
Check: re-building of vignette outputs
Result: WARN
    Error(s) in re-building vignettes:
     ...
    --- re-building ‘lifeExpectancy.Rmd’ using rmarkdown
    Warning in engine$weave(file, quiet = quiet, encoding = enc) :
     Pandoc (>= 1.12.3) and/or pandoc-citeproc not available. Falling back to R Markdown v1.
    Quitting from lines 76-77 (lifeExpectancy.Rmd)
    Error: processing vignette 'lifeExpectancy.Rmd' failed with diagnostics:
    cannot open the connection
    --- failed re-building ‘lifeExpectancy.Rmd’
    
    --- re-building ‘selectIndicatorsRedRed.Rmd’ using rmarkdown
    Warning in engine$weave(file, quiet = quiet, encoding = enc) :
     Pandoc (>= 1.12.3) and/or pandoc-citeproc not available. Falling back to R Markdown v1.
    --- finished re-building ‘selectIndicatorsRedRed.Rmd’
    
    SUMMARY: processing the following file failed:
     ‘lifeExpectancy.Rmd’
    
    Error: Vignette re-building failed.
    Execution halted
Flavors: r-release-macos-x86_64, r-oldrel-macos-x86_64

Version: 1.0.4
Check: tests
Result: ERROR
     Running 'a-c.R' [28s]
     Running 'd.R' [27s]
     Running 'e.R' [96s]
     Running 'f-z.R' [58s]
    Running the tests in 'tests/a-c.R' failed.
    Complete output:
     > library(testthat)
     > library(fingertipsR)
     >
     > test_check("fingertipsR", filter = "^[a-c]")
     -- 1. Failure: the area_types function works correctly (@test-area_types.R#12)
     area_types(c("gov", "count")) not equal to area_types(AreaTypeID = c(102, 6)).
     Attributes: < Component "row.names": Numeric: lengths (1, 5) differ >
     Component "AreaTypeID": Numeric: lengths (1, 5) differ
     Component "AreaTypeName": Lengths (1, 5) differ (string compare on first 1)
     Component "ParentAreaTypeID": Numeric: lengths (1, 5) differ
     Component "ParentAreaTypeName": Lengths (1, 5) differ (string compare on first 1)
    
     == testthat results ===========================================================
     [ OK: 22 | SKIPPED: 0 | WARNINGS: 0 | FAILED: 1 ]
     1. Failure: the area_types function works correctly (@test-area_types.R#12)
    
     Error: testthat unit tests failed
     Execution halted
    Running the tests in 'tests/e.R' failed.
    Complete output:
     > library(testthat)
     > library(fingertipsR)
     >
     > test_check("fingertipsR", filter = "^[e]")
     On 07/08/2020 Fingertips consisted of 44 profiles, made up of 3641 indicators and 1694 distinct indicators.-- 1. Failure: the correct urls are produced (@test-extract.R#86) -------------
     fingertips_data(...) not equal to c(...).
     Lengths differ: 10 is not 8
    
    
     |
     | | 0%
     |
     |===== | 8%
     |
     |=========== | 15%
     |
     |================ | 23%
     |
     |====================== | 31%
     |
     |=========================== | 38%
     |
     |================================ | 46%
     |
     |====================================== | 54%
     |
     |=========================================== | 62%
     |
     |================================================ | 69%
     |
     |====================================================== | 77%
     |
     |=========================================================== | 85%
     |
     |================================================================= | 92%
     |
     |======================================================================| 100%
    
     |
     | | 0%
     |
     |======================================================================| 100%
     == testthat results ===========================================================
     [ OK: 28 | SKIPPED: 0 | WARNINGS: 1 | FAILED: 1 ]
     1. Failure: the correct urls are produced (@test-extract.R#86)
    
     Error: testthat unit tests failed
     Execution halted
Flavor: r-release-windows-ix86+x86_64

Version: 1.0.4
Check: tests
Result: ERROR
     Running 'a-c.R' [24s]
     Running 'd.R' [23s]
     Running 'e.R' [82s]
     Running 'f-z.R' [60s]
    Running the tests in 'tests/a-c.R' failed.
    Complete output:
     > library(testthat)
     > library(fingertipsR)
     >
     > test_check("fingertipsR", filter = "^[a-c]")
     -- 1. Failure: the area_types function works correctly (@test-area_types.R#12)
     area_types(c("gov", "count")) not equal to area_types(AreaTypeID = c(102, 6)).
     Attributes: < Component "row.names": Numeric: lengths (1, 5) differ >
     Component "AreaTypeID": Numeric: lengths (1, 5) differ
     Component "AreaTypeName": Lengths (1, 5) differ (string compare on first 1)
     Component "ParentAreaTypeID": Numeric: lengths (1, 5) differ
     Component "ParentAreaTypeName": Lengths (1, 5) differ (string compare on first 1)
    
     == testthat results ===========================================================
     [ OK: 22 | SKIPPED: 0 | WARNINGS: 0 | FAILED: 1 ]
     1. Failure: the area_types function works correctly (@test-area_types.R#12)
    
     Error: testthat unit tests failed
     Execution halted
    Running the tests in 'tests/e.R' failed.
    Complete output:
     > library(testthat)
     > library(fingertipsR)
     >
     > test_check("fingertipsR", filter = "^[e]")
     On 05/08/2020 Fingertips consisted of 44 profiles, made up of 3641 indicators and 1694 distinct indicators.-- 1. Failure: the correct urls are produced (@test-extract.R#86) -------------
     fingertips_data(...) not equal to c(...).
     Lengths differ: 10 is not 8
    
    
     |
     | | 0%
     |
     |===== | 8%
     |
     |=========== | 15%
     |
     |================ | 23%
     |
     |====================== | 31%
     |
     |=========================== | 38%
     |
     |================================ | 46%
     |
     |====================================== | 54%
     |
     |=========================================== | 62%
     |
     |================================================ | 69%
     |
     |====================================================== | 77%
     |
     |=========================================================== | 85%
     |
     |================================================================= | 92%
     |
     |======================================================================| 100%
    
     |
     | | 0%
     |
     |======================================================================| 100%
     == testthat results ===========================================================
     [ OK: 28 | SKIPPED: 0 | WARNINGS: 1 | FAILED: 1 ]
     1. Failure: the correct urls are produced (@test-extract.R#86)
    
     Error: testthat unit tests failed
     Execution halted
Flavor: r-oldrel-windows-ix86+x86_64