CRAN Package Check Results for Package finnts

Last updated on 2022-09-26 06:51:11 CEST.

Flavor Version Tinstall Tcheck Ttotal Status Flags
r-devel-linux-x86_64-debian-clang 0.2.0 40.46 730.46 770.92 OK
r-devel-linux-x86_64-debian-gcc 0.2.0 27.55 531.54 559.09 OK
r-devel-linux-x86_64-fedora-clang 0.2.0 871.62 NOTE
r-devel-linux-x86_64-fedora-gcc 0.2.0 956.84 OK
r-devel-windows-x86_64 0.2.0 47.00 709.00 756.00 OK
r-patched-linux-x86_64 0.2.0 37.80 681.69 719.49 OK
r-release-linux-x86_64 0.2.0 34.91 667.17 702.08 OK
r-release-macos-arm64 0.2.0 163.00 OK
r-release-macos-x86_64 0.2.0 286.00 OK
r-release-windows-x86_64 0.2.0 48.00 706.00 754.00 OK
r-oldrel-macos-arm64 0.2.0 164.00 OK
r-oldrel-macos-x86_64 0.2.0 292.00 OK
r-oldrel-windows-ix86+x86_64 0.2.0 82.00 785.00 867.00 OK

Check Details

Version: 0.2.0
Check: package dependencies
Result: NOTE
    Imports includes 29 non-default packages.
    Importing from so many packages makes the package vulnerable to any of
    them becoming unavailable. Move as many as possible to Suggests and
    use conditionally.
Flavor: r-devel-linux-x86_64-fedora-clang