CRAN Package Check Results for Package finreportr

Last updated on 2021-11-29 06:48:29 CET.

Flavor Version Tinstall Tcheck Ttotal Status Flags
r-devel-linux-x86_64-debian-clang 1.0.2 OK
r-devel-linux-x86_64-debian-gcc 1.0.2 3.22 35.14 38.36 OK
r-devel-linux-x86_64-fedora-clang 1.0.2 69.89 OK
r-devel-linux-x86_64-fedora-gcc 1.0.2 59.81 OK
r-devel-windows-x86_64-new-UL 1.0.2 11.00 85.00 96.00 OK
r-devel-windows-x86_64-new-TK 1.0.2 OK
r-devel-windows-x86_64-old 1.0.2 7.00 69.00 76.00 OK
r-patched-linux-x86_64 1.0.2 4.17 42.66 46.83 OK
r-patched-solaris-x86 1.0.2 83.40 ERROR
r-release-linux-x86_64 1.0.2 3.96 42.70 46.66 OK
r-release-macos-arm64 1.0.2 OK
r-release-macos-x86_64 1.0.2 OK
r-release-windows-ix86+x86_64 1.0.2 13.00 49.00 62.00 OK
r-oldrel-macos-x86_64 1.0.2 OK
r-oldrel-windows-ix86+x86_64 1.0.2 30.00 66.00 96.00 OK

Check Details

Version: 1.0.2
Check: examples
Result: ERROR
    Running examples in ‘finreportr-Ex.R’ failed
    The error most likely occurred in:
    
    > ### Name: AnnualReports
    > ### Title: Acquire listing of company annual reports.
    > ### Aliases: AnnualReports
    >
    > ### ** Examples
    >
    > AnnualReports("TSLA")
    Error in AnnualReports("TSLA") :
     invalid company symbol or foreign logical
    Execution halted
Flavor: r-patched-solaris-x86

Version: 1.0.2
Check: tests
Result: ERROR
     Running ‘testthat.R’
    Running the tests in ‘tests/testthat.R’ failed.
    Complete output:
     > library(testthat)
     > library(finreportr)
     >
     > test_check("finreportr")
     ══ Failed tests ════════════════════════════════════════════════════════════════
     ── Error (test.R:6:6): CompanyInfo returning correct dimensions ────────────────
     Error in `CompanyInfo("GOOG")`: invalid company symbol
     Backtrace:
     █
     1. ├─testthat::expect_equal(dim(CompanyInfo("GOOG")), c(1, 8)) test.R:6:5
     2. │ └─testthat::quasi_label(enquo(object), label, arg = "object")
     3. │ └─rlang::eval_bare(expr, quo_get_env(quo))
     4. └─finreportr::CompanyInfo("GOOG")
    
     [ FAIL 1 | WARN 0 | SKIP 0 | PASS 0 ]
     Error: Test failures
     Execution halted
Flavor: r-patched-solaris-x86