CRAN Package Check Results for Package fitConic

Last updated on 2024-06-22 07:49:28 CEST.

Flavor Version Tinstall Tcheck Ttotal Status Flags
r-devel-linux-x86_64-debian-clang 1.2.1 3.08 29.96 33.04 NOTE
r-devel-linux-x86_64-debian-gcc 1.2.1 2.54 23.14 25.68 NOTE
r-devel-linux-x86_64-fedora-clang 1.2.1 43.04 NOTE
r-devel-linux-x86_64-fedora-gcc 1.2.1 40.05 NOTE
r-devel-windows-x86_64 1.2.1 4.00 51.00 55.00 NOTE
r-patched-linux-x86_64 1.2.1 3.55 29.69 33.24 NOTE
r-release-linux-x86_64 1.2.1 2.37 29.75 32.12 NOTE
r-release-macos-arm64 1.2.1 17.00 NOTE
r-release-macos-x86_64 1.2.1 25.00 NOTE
r-release-windows-x86_64 1.2.1 4.00 52.00 56.00 NOTE
r-oldrel-macos-arm64 1.2.1 19.00 OK
r-oldrel-macos-x86_64 1.2.1 43.00 OK
r-oldrel-windows-x86_64 1.2.1 3.00 52.00 55.00 OK

Check Details

Version: 1.2.1
Check: Rd files
Result: NOTE checkRd: (-1) fitConic.Rd:66-73: Lost braces 66 | \code{parA }{vector of the six "ABCDEF" coefficients | ^ checkRd: (-1) fitConic.Rd:67: Lost braces 67 | \code{RSS }{'root sum square' figure of merit describing the relative fit quality} | ^ checkRd: (-1) fitConic.Rd:68: Lost braces 68 | \code{iters }{number of iterations at convergence} | ^ checkRd: (-1) fitConic.Rd:69-71: Lost braces 69 | \code{exitCode }{1 means ellipse, 2 means hyperbola, 3 means parabola. | ^ checkRd: (-1) rotateA.Rd:59: Lost braces; missing escapes or markup? 59 | For \code{xyrot} {a Nx2 array of the x,y coordinates of the rotated data set. } | ^ Flavors: r-devel-linux-x86_64-debian-clang, r-devel-linux-x86_64-debian-gcc, r-devel-linux-x86_64-fedora-clang, r-devel-linux-x86_64-fedora-gcc, r-devel-windows-x86_64, r-patched-linux-x86_64, r-release-linux-x86_64, r-release-macos-arm64, r-release-macos-x86_64, r-release-windows-x86_64

Version: 1.2.1
Check: Rd cross-references
Result: NOTE Undeclared package ‘conicfit’ in Rd xrefs Flavor: r-devel-linux-x86_64-fedora-clang