CRAN Package Check Results for Package fitbitScraper

Last updated on 2021-01-23 06:48:14 CET.

Flavor Version Tinstall Tcheck Ttotal Status Flags
r-devel-linux-x86_64-debian-clang 0.1.8 1.98 22.78 24.76 OK --no-vignettes
r-devel-linux-x86_64-debian-gcc 0.1.8 1.83 18.27 20.10 OK --no-vignettes
r-devel-linux-x86_64-fedora-clang 0.1.8 41.36 OK --no-vignettes
r-devel-linux-x86_64-fedora-gcc 0.1.8 31.12 OK --no-vignettes
r-devel-windows-ix86+x86_64 0.1.8 5.00 33.00 38.00 OK --no-vignettes
r-patched-linux-x86_64 0.1.8 2.37 22.12 24.49 OK --no-vignettes
r-patched-solaris-x86 0.1.8 47.50 OK --no-vignettes
r-release-linux-x86_64 0.1.8 2.36 22.46 24.82 OK --no-vignettes
r-release-macos-x86_64 0.1.8 WARN
r-release-windows-ix86+x86_64 0.1.8 16.00 35.00 51.00 OK --no-vignettes
r-oldrel-macos-x86_64 0.1.8 WARN
r-oldrel-windows-ix86+x86_64 0.1.8 3.00 38.00 41.00 OK --no-vignettes

Check Details

Version: 0.1.8
Check: re-building of vignette outputs
Result: WARN
    Error(s) in re-building vignettes:
     ...
    --- re-building ‘fitbitScraper-examples.Rmd’ using rmarkdown
    Warning in engine$weave(file, quiet = quiet, encoding = enc) :
     Pandoc (>= 1.12.3) and/or pandoc-citeproc not available. Falling back to R Markdown v1.
    Quitting from lines 22-24 (fitbitScraper-examples.Rmd)
    Error: processing vignette 'fitbitScraper-examples.Rmd' failed with diagnostics:
    login failed
    --- failed re-building ‘fitbitScraper-examples.Rmd’
    
    SUMMARY: processing the following file failed:
     ‘fitbitScraper-examples.Rmd’
    
    Error: Vignette re-building failed.
    Execution halted
Flavors: r-release-macos-x86_64, r-oldrel-macos-x86_64