Last updated on 2023-04-01 07:10:38 CEST.
Flavor | Version | Tinstall | Tcheck | Ttotal | Status | Flags |
---|---|---|---|---|---|---|
r-devel-linux-x86_64-debian-clang | 0.6.2 | 8.88 | 70.06 | 78.94 | NOTE | |
r-devel-linux-x86_64-debian-gcc | 0.6.2 | 7.18 | 54.57 | 61.75 | NOTE | |
r-devel-linux-x86_64-fedora-clang | 0.6.2 | 99.47 | NOTE | |||
r-devel-linux-x86_64-fedora-gcc | 0.6.2 | 105.56 | NOTE | |||
r-devel-windows-x86_64 | 0.6.2 | 271.00 | 174.00 | 445.00 | NOTE | |
r-patched-linux-x86_64 | 0.6.2 | 11.15 | 67.88 | 79.03 | NOTE | |
r-release-linux-x86_64 | 0.6.2 | 8.51 | 63.46 | 71.97 | NOTE | |
r-release-macos-arm64 | 0.6.2 | 35.00 | NOTE | |||
r-release-macos-x86_64 | 0.6.2 | 51.00 | NOTE | |||
r-release-windows-x86_64 | 0.6.2 | 242.00 | 136.00 | 378.00 | NOTE | |
r-oldrel-macos-arm64 | 0.6.2 | 56.00 | NOTE | |||
r-oldrel-macos-x86_64 | 0.6.2 | 53.00 | NOTE | |||
r-oldrel-windows-ix86+x86_64 | 0.6.2 | 17.00 | 108.00 | 125.00 | NOTE |
Version: 0.6.2
Check: package dependencies
Result: NOTE
Package suggested but not available for checking: ‘fivethirtyeightdata’
Flavors: r-devel-linux-x86_64-debian-clang, r-devel-linux-x86_64-debian-gcc, r-devel-linux-x86_64-fedora-clang, r-devel-linux-x86_64-fedora-gcc, r-devel-windows-x86_64, r-patched-linux-x86_64, r-release-linux-x86_64, r-release-macos-arm64, r-release-macos-x86_64, r-release-windows-x86_64, r-oldrel-macos-arm64, r-oldrel-macos-x86_64, r-oldrel-windows-ix86+x86_64
Version: 0.6.2
Check: Rd cross-references
Result: NOTE
Package unavailable to check Rd xrefs: ‘fivethirtyeightdata’
Flavors: r-devel-linux-x86_64-debian-clang, r-devel-linux-x86_64-debian-gcc, r-devel-linux-x86_64-fedora-clang, r-devel-linux-x86_64-fedora-gcc, r-devel-windows-x86_64, r-patched-linux-x86_64, r-release-linux-x86_64, r-release-macos-arm64, r-release-macos-x86_64, r-release-windows-x86_64, r-oldrel-macos-arm64, r-oldrel-macos-x86_64, r-oldrel-windows-ix86+x86_64
Version: 0.6.2
Check: installed package size
Result: NOTE
installed size is 5.0Mb
sub-directories of 1Mb or more:
data 3.8Mb
Flavors: r-devel-linux-x86_64-fedora-clang, r-devel-windows-x86_64, r-release-windows-x86_64
Version: 0.6.2
Check: data for non-ASCII characters
Result: NOTE
Note: found 584 marked UTF-8 strings
Flavors: r-devel-linux-x86_64-fedora-clang, r-devel-linux-x86_64-fedora-gcc, r-release-macos-arm64, r-release-macos-x86_64, r-oldrel-macos-arm64, r-oldrel-macos-x86_64