CRAN Package Check Results for Package fixest

Last updated on 2021-06-13 06:49:49 CEST.

Flavor Version Tinstall Tcheck Ttotal Status Flags
r-devel-linux-x86_64-debian-clang 0.8.4 113.23 248.00 361.23 OK
r-devel-linux-x86_64-debian-gcc 0.8.4 73.95 222.50 296.45 OK
r-devel-linux-x86_64-fedora-clang 0.8.4 448.04 NOTE
r-devel-linux-x86_64-fedora-gcc 0.8.4 451.59 OK
r-devel-windows-x86_64 0.8.4 132.00 262.00 394.00 NOTE
r-devel-windows-x86_64-gcc10-UCRT 0.8.4 OK
r-patched-linux-x86_64 0.8.4 89.05 230.02 319.07 OK
r-patched-solaris-x86 0.8.4 401.60 NOTE
r-release-linux-x86_64 0.8.4 85.61 227.63 313.24 OK
r-release-macos-arm64 0.8.4 NOTE
r-release-macos-x86_64 0.8.4 NOTE
r-release-windows-ix86+x86_64 0.8.4 163.00 330.00 493.00 NOTE
r-oldrel-macos-x86_64 0.8.4 NOTE
r-oldrel-windows-ix86+x86_64 0.8.4 148.00 328.00 476.00 NOTE

Additional issues

clang-ASAN

Check Details

Version: 0.8.4
Check: installed package size
Result: NOTE
     installed size is 10.1Mb
     sub-directories of 1Mb or more:
     doc 3.8Mb
     libs 4.5Mb
Flavors: r-devel-linux-x86_64-fedora-clang, r-devel-windows-x86_64, r-patched-solaris-x86, r-release-macos-arm64, r-release-macos-x86_64, r-release-windows-ix86+x86_64, r-oldrel-macos-x86_64, r-oldrel-windows-ix86+x86_64