CRAN Package Check Results for Package flare

Last updated on 2024-06-13 06:58:01 CEST.

Flavor Version Tinstall Tcheck Ttotal Status Flags
r-devel-linux-x86_64-debian-clang 1.7.0.1 16.75 111.52 128.27 OK
r-devel-linux-x86_64-debian-gcc 1.7.0.1 0.50 1.72 2.22 ERROR
r-devel-linux-x86_64-fedora-clang 1.7.0.1 162.61 OK
r-devel-linux-x86_64-fedora-gcc 1.7.0.1 169.24 OK
r-devel-windows-x86_64 1.7.0.1 20.00 113.00 133.00 OK
r-patched-linux-x86_64 1.7.0.1 17.18 110.49 127.67 OK
r-release-linux-x86_64 1.7.0.1 16.16 109.91 126.07 OK
r-release-macos-arm64 1.7.0.1 59.00 OK
r-release-macos-x86_64 1.7.0.1 101.00 OK
r-release-windows-x86_64 1.7.0.1 20.00 118.00 138.00 OK
r-oldrel-macos-arm64 1.7.0.1 60.00 OK
r-oldrel-macos-x86_64 1.7.0.1 96.00 OK
r-oldrel-windows-x86_64 1.7.0.1 22.00 132.00 154.00 OK

Check Details

Version: 1.7.0.1
Check: package dependencies
Result: ERROR Package required but not available: ‘igraph’ See section ‘The DESCRIPTION file’ in the ‘Writing R Extensions’ manual. Flavor: r-devel-linux-x86_64-debian-gcc