CRAN Package Check Results for Package flattabler

Last updated on 2022-01-17 06:53:16 CET.

Flavor Version Tinstall Tcheck Ttotal Status Flags
r-devel-linux-x86_64-debian-clang 1.2.0 3.04 50.46 53.50 OK
r-devel-linux-x86_64-debian-gcc 1.2.0 2.60 39.43 42.03 OK
r-devel-linux-x86_64-fedora-clang 1.2.0 67.11 NOTE
r-devel-linux-x86_64-fedora-gcc 1.2.0 55.73 NOTE
r-devel-windows-x86_64-new-UL 1.2.0 139.00 90.00 229.00 OK
r-devel-windows-x86_64-new-TK 1.2.0 NOTE
r-patched-linux-x86_64 1.2.0 3.63 48.57 52.20 OK
r-release-linux-x86_64 1.2.0 OK
r-release-macos-arm64 1.2.0 NOTE
r-release-macos-x86_64 1.2.0 NOTE
r-release-windows-ix86+x86_64 1.2.0 9.00 65.00 74.00 OK
r-oldrel-macos-x86_64 1.2.0 NOTE
r-oldrel-windows-ix86+x86_64 1.2.0 7.00 65.00 72.00 OK

Check Details

Version: 1.2.0
Check: dependencies in R code
Result: NOTE
    Namespace in Imports field not imported from: ‘tidyr’
     All declared Imports should be used.
Flavors: r-devel-linux-x86_64-fedora-clang, r-devel-linux-x86_64-fedora-gcc, r-devel-windows-x86_64-new-TK, r-release-macos-arm64, r-release-macos-x86_64, r-oldrel-macos-x86_64

Version: 1.2.0
Check: data for non-ASCII characters
Result: NOTE
     Note: found 82 marked UTF-8 strings
Flavors: r-devel-linux-x86_64-fedora-clang, r-devel-linux-x86_64-fedora-gcc, r-devel-windows-x86_64-new-TK, r-release-macos-arm64, r-release-macos-x86_64, r-oldrel-macos-x86_64