CRAN Package Check Results for Package flattabler

Last updated on 2021-01-18 06:46:33 CET.

Flavor Version Tinstall Tcheck Ttotal Status Flags
r-devel-linux-x86_64-debian-clang 1.2.0 2.91 42.58 45.49 OK
r-devel-linux-x86_64-debian-gcc 1.2.0 2.15 32.63 34.78 OK
r-devel-linux-x86_64-fedora-clang 1.2.0 63.46 NOTE
r-devel-linux-x86_64-fedora-gcc 1.2.0 55.26 NOTE
r-devel-windows-ix86+x86_64 1.2.0 6.00 55.00 61.00 OK
r-patched-linux-x86_64 1.2.0 3.17 40.27 43.44 OK
r-patched-solaris-x86 1.2.0 76.20 NOTE
r-release-linux-x86_64 1.2.0 3.26 40.38 43.64 OK
r-release-macos-x86_64 1.2.0 NOTE
r-release-windows-ix86+x86_64 1.2.0 6.00 53.00 59.00 OK
r-oldrel-macos-x86_64 1.2.0 NOTE
r-oldrel-windows-ix86+x86_64 1.2.0 6.00 45.00 51.00 OK

Check Details

Version: 1.2.0
Check: dependencies in R code
Result: NOTE
    Namespace in Imports field not imported from: ‘tidyr’
     All declared Imports should be used.
Flavors: r-devel-linux-x86_64-fedora-clang, r-devel-linux-x86_64-fedora-gcc, r-patched-solaris-x86, r-release-macos-x86_64, r-oldrel-macos-x86_64

Version: 1.2.0
Check: data for non-ASCII characters
Result: NOTE
     Note: found 82 marked UTF-8 strings
Flavors: r-devel-linux-x86_64-fedora-clang, r-devel-linux-x86_64-fedora-gcc, r-patched-solaris-x86, r-release-macos-x86_64, r-oldrel-macos-x86_64