CRAN Package Check Results for Package flightplot

Last updated on 2022-01-17 06:53:16 CET.

Flavor Version Tinstall Tcheck Ttotal Status Flags
r-devel-linux-x86_64-debian-clang 0.1.0 4.77 58.21 62.98 OK
r-devel-linux-x86_64-debian-gcc 0.1.0 3.96 43.24 47.20 OK
r-devel-linux-x86_64-fedora-clang 0.1.0 78.43 NOTE
r-devel-linux-x86_64-fedora-gcc 0.1.0 64.12 NOTE
r-devel-windows-x86_64-new-UL 0.1.0 40.00 74.00 114.00 OK
r-devel-windows-x86_64-new-TK 0.1.0 NOTE
r-patched-linux-x86_64 0.1.0 4.75 54.40 59.15 OK
r-release-linux-x86_64 0.1.0 OK
r-release-macos-arm64 0.1.0 NOTE
r-release-macos-x86_64 0.1.0 NOTE
r-release-windows-ix86+x86_64 0.1.0 14.00 67.00 81.00 OK
r-oldrel-macos-x86_64 0.1.0 NOTE
r-oldrel-windows-ix86+x86_64 0.1.0 14.00 69.00 83.00 OK

Check Details

Version: 0.1.0
Check: data for non-ASCII characters
Result: NOTE
     Note: found 710 marked UTF-8 strings
Flavors: r-devel-linux-x86_64-fedora-clang, r-devel-linux-x86_64-fedora-gcc, r-devel-windows-x86_64-new-TK, r-release-macos-arm64, r-release-macos-x86_64, r-oldrel-macos-x86_64