CRAN Package Check Results for Package flying

Last updated on 2021-06-17 06:48:08 CEST.

Flavor Version Tinstall Tcheck Ttotal Status Flags
r-devel-linux-x86_64-debian-clang 0.1.3 26.56 62.23 88.79 OK
r-devel-linux-x86_64-debian-gcc 0.1.3 17.34 45.81 63.15 OK
r-devel-linux-x86_64-fedora-clang 0.1.3 122.19 NOTE
r-devel-linux-x86_64-fedora-gcc 0.1.3 105.10 NOTE
r-devel-windows-x86_64 0.1.3 37.00 75.00 112.00 OK
r-devel-windows-x86_64-gcc10-UCRT 0.1.3 NOTE
r-patched-linux-x86_64 0.1.3 23.75 58.89 82.64 OK
r-patched-solaris-x86 0.1.3 123.90 NOTE
r-release-linux-x86_64 0.1.3 19.05 58.68 77.73 OK
r-release-macos-arm64 0.1.3 NOTE
r-release-macos-x86_64 0.1.3 NOTE
r-release-windows-ix86+x86_64 0.1.3 62.00 117.00 179.00 OK
r-oldrel-macos-x86_64 0.1.3 NOTE
r-oldrel-windows-ix86+x86_64 0.1.3 48.00 115.00 163.00 OK

Check Details

Version: 0.1.3
Check: dependencies in R code
Result: NOTE
    Namespaces in Imports field not imported from:
     ‘kableExtra’ ‘knitr’ ‘rmarkdown’
     All declared Imports should be used.
Flavors: r-devel-linux-x86_64-fedora-clang, r-devel-linux-x86_64-fedora-gcc, r-devel-windows-x86_64-gcc10-UCRT, r-patched-solaris-x86, r-release-macos-arm64, r-release-macos-x86_64, r-oldrel-macos-x86_64