CRAN Package Check Results for Package fmri

Last updated on 2022-07-01 06:51:29 CEST.

Flavor Version Tinstall Tcheck Ttotal Status Flags
r-devel-linux-x86_64-debian-clang 1.9.6 19.53 126.19 145.72 NOTE
r-devel-linux-x86_64-debian-gcc 1.9.6 14.98 95.25 110.23 NOTE
r-devel-linux-x86_64-fedora-clang 1.9.6 189.23 NOTE
r-devel-linux-x86_64-fedora-gcc 1.9.6 186.79 NOTE
r-devel-windows-x86_64 1.9.6 39.00 149.00 188.00 NOTE
r-patched-linux-x86_64 1.9.6 22.67 120.84 143.51 OK
r-release-linux-x86_64 1.9.6 23.08 121.16 144.24 OK
r-release-macos-arm64 1.9.6 47.00 OK
r-release-macos-x86_64 1.9.6 69.00 OK
r-release-windows-x86_64 1.9.6 38.00 146.00 184.00 OK
r-oldrel-macos-arm64 1.9.6 55.00 OK
r-oldrel-macos-x86_64 1.9.6 97.00 OK
r-oldrel-windows-ix86+x86_64 1.9.6 46.00 171.00 217.00 OK

Check Details

Version: 1.9.6
Check: Rd files
Result: NOTE
    checkRd: (-1) write.AFNI.Rd:16: Escaped LaTeX specials: \_
    checkRd: (-1) write.AFNI.Rd:17: Escaped LaTeX specials: \_
    checkRd: (-1) write.AFNI.Rd:20: Escaped LaTeX specials: \_
    checkRd: (-1) write.AFNI.Rd:22: Escaped LaTeX specials: \_
Flavors: r-devel-linux-x86_64-debian-clang, r-devel-linux-x86_64-debian-gcc, r-devel-linux-x86_64-fedora-clang, r-devel-linux-x86_64-fedora-gcc, r-devel-windows-x86_64