Last updated on 2023-03-22 05:52:26 CET.
Flavor | Version | Tinstall | Tcheck | Ttotal | Status | Flags |
---|---|---|---|---|---|---|
r-devel-linux-x86_64-debian-clang | 0.1.1 | 2.58 | 167.74 | 170.32 | NOTE | |
r-devel-linux-x86_64-debian-gcc | 0.1.1 | 2.42 | 123.11 | 125.53 | NOTE | |
r-devel-linux-x86_64-fedora-clang | 0.1.1 | 84.60 | NOTE | |||
r-devel-linux-x86_64-fedora-gcc | 0.1.1 | 205.81 | NOTE | |||
r-devel-windows-x86_64 | 0.1.1 | 27.00 | 202.00 | 229.00 | NOTE | |
r-patched-linux-x86_64 | 0.1.1 | 3.55 | 161.55 | 165.10 | NOTE | |
r-release-linux-x86_64 | 0.1.1 | 2.18 | 161.47 | 163.65 | NOTE | |
r-release-macos-arm64 | 0.1.1 | 30.00 | NOTE | |||
r-release-macos-x86_64 | 0.1.1 | 52.00 | NOTE | |||
r-release-windows-x86_64 | 0.1.1 | 34.00 | 196.00 | 230.00 | NOTE | |
r-oldrel-macos-arm64 | 0.1.1 | 33.00 | NOTE | |||
r-oldrel-macos-x86_64 | 0.1.1 | 49.00 | NOTE | |||
r-oldrel-windows-ix86+x86_64 | 0.1.1 | 7.00 | 200.00 | 207.00 | NOTE |
Version: 0.1.1
Check: LazyData
Result: NOTE
'LazyData' is specified without a 'data' directory
Flavors: r-devel-linux-x86_64-debian-clang, r-devel-linux-x86_64-debian-gcc, r-devel-linux-x86_64-fedora-clang, r-devel-linux-x86_64-fedora-gcc, r-devel-windows-x86_64, r-patched-linux-x86_64, r-release-linux-x86_64, r-release-macos-arm64, r-release-macos-x86_64, r-release-windows-x86_64, r-oldrel-macos-arm64, r-oldrel-macos-x86_64, r-oldrel-windows-ix86+x86_64