Last updated on 2023-03-30 06:53:14 CEST.
Flavor | Version | Tinstall | Tcheck | Ttotal | Status | Flags |
---|---|---|---|---|---|---|
r-devel-linux-x86_64-debian-clang | 2.6.2 | 8.32 | 79.02 | 87.34 | OK | |
r-devel-linux-x86_64-debian-gcc | 2.6.2 | 7.04 | 57.37 | 64.41 | OK | |
r-devel-linux-x86_64-fedora-clang | 2.6.2 | 104.79 | OK | |||
r-devel-linux-x86_64-fedora-gcc | 2.6.2 | 98.99 | OK | |||
r-devel-windows-x86_64 | 2.6.2 | 14.00 | 0.00 | 14.00 | OK | |
r-patched-linux-x86_64 | 2.6.2 | 9.57 | 73.20 | 82.77 | OK | |
r-release-linux-x86_64 | 2.6.2 | 6.51 | 73.59 | 80.10 | OK | |
r-release-macos-arm64 | 2.6.2 | 36.00 | OK | |||
r-release-macos-x86_64 | 2.6.2 | 46.00 | OK | |||
r-release-windows-x86_64 | 2.6.2 | 20.00 | 103.00 | 123.00 | OK | |
r-oldrel-macos-arm64 | 2.6.2 | 37.00 | OK | |||
r-oldrel-macos-x86_64 | 2.6.2 | 46.00 | OK | |||
r-oldrel-windows-ix86+x86_64 | 2.6.2 | 24.00 | 98.00 | 122.00 | NOTE |
Version: 2.6.2
Check: R code for possible problems
Result: NOTE
Initiating curl with CURL_SSL_BACKEND: openssl
Flavor: r-oldrel-windows-ix86+x86_64