Last updated on 2025-01-16 06:49:14 CET.
Flavor | Version | Tinstall | Tcheck | Ttotal | Status | Flags |
---|---|---|---|---|---|---|
r-devel-linux-x86_64-debian-clang | 1.0 | 7.21 | 67.10 | 74.31 | NOTE | |
r-devel-linux-x86_64-debian-gcc | 1.0 | 5.16 | 47.67 | 52.83 | NOTE | |
r-devel-linux-x86_64-fedora-clang | 1.0 | 123.17 | OK | |||
r-devel-linux-x86_64-fedora-gcc | 1.0 | 112.51 | OK | |||
r-devel-windows-x86_64 | 1.0 | 11.00 | 81.00 | 92.00 | NOTE | |
r-patched-linux-x86_64 | 1.0 | 10.43 | 63.85 | 74.28 | OK | |
r-release-linux-x86_64 | 1.0 | 6.17 | 64.67 | 70.84 | OK | |
r-release-macos-arm64 | 1.0 | 34.00 | OK | |||
r-release-macos-x86_64 | 1.0 | 54.00 | OK | |||
r-release-windows-x86_64 | 1.0 | 10.00 | 81.00 | 91.00 | OK | |
r-oldrel-macos-arm64 | 1.0 | 37.00 | OK | |||
r-oldrel-macos-x86_64 | 1.0 | 66.00 | OK | |||
r-oldrel-windows-x86_64 | 1.0 | 8.00 | 92.00 | 100.00 | OK |
Version: 1.0
Check: Rd cross-references
Result: NOTE
Found the following Rd file(s) with Rd \link{} targets missing package
anchors:
analyze.windanomaly.Rd: lpacf.plot
forecastlpacf.Rd: lpacf
Please provide package anchors for all Rd \link{} targets not in the
package itself and the base packages.
Flavors: r-devel-linux-x86_64-debian-clang, r-devel-linux-x86_64-debian-gcc, r-devel-windows-x86_64