CRAN Package Check Results for Package forestplot

Last updated on 2020-08-11 06:47:19 CEST.

Flavor Version Tinstall Tcheck Ttotal Status Flags
r-devel-linux-x86_64-debian-clang 1.10 5.78 50.69 56.47 OK
r-devel-linux-x86_64-debian-gcc 1.10 4.17 38.50 42.67 OK
r-devel-linux-x86_64-fedora-clang 1.10 74.00 NOTE
r-devel-linux-x86_64-fedora-gcc 1.10 64.06 OK
r-devel-windows-ix86+x86_64 1.10 14.00 81.00 95.00 OK
r-patched-linux-x86_64 1.10 5.01 48.84 53.85 OK
r-patched-solaris-x86 1.10 86.70 OK
r-release-linux-x86_64 1.10 5.26 49.05 54.31 OK
r-release-macos-x86_64 1.10 OK
r-release-windows-ix86+x86_64 1.10 9.00 80.00 89.00 OK
r-oldrel-macos-x86_64 1.10 OK
r-oldrel-windows-ix86+x86_64 1.10 8.00 60.00 68.00 OK

Check Details

Version: 1.10
Check: Rd cross-references
Result: NOTE
    Undeclared package ‘rmeta’ in Rd xrefs
Flavor: r-devel-linux-x86_64-fedora-clang