Last updated on 2023-03-25 05:50:32 CET.
Flavor | Version | Tinstall | Tcheck | Ttotal | Status | Flags |
---|---|---|---|---|---|---|
r-devel-linux-x86_64-debian-clang | 0.1.1 | 1.32 | 18.60 | 19.92 | NOTE | |
r-devel-linux-x86_64-debian-gcc | 0.1.1 | 1.51 | 14.89 | 16.40 | NOTE | |
r-devel-linux-x86_64-fedora-clang | 0.1.1 | 26.85 | NOTE | |||
r-devel-linux-x86_64-fedora-gcc | 0.1.1 | 25.02 | NOTE | |||
r-patched-linux-x86_64 | 0.1.1 | 1.66 | 19.95 | 21.61 | NOTE | |
r-release-linux-x86_64 | 0.1.1 | 1.59 | 20.12 | 21.71 | NOTE | |
r-release-macos-arm64 | 0.1.1 | 13.00 | NOTE | |||
r-release-macos-x86_64 | 0.1.1 | 18.00 | NOTE | |||
r-release-windows-x86_64 | 0.1.1 | 4.00 | 41.00 | 45.00 | NOTE | |
r-oldrel-macos-arm64 | 0.1.1 | 15.00 | NOTE | |||
r-oldrel-macos-x86_64 | 0.1.1 | 22.00 | NOTE | |||
r-oldrel-windows-ix86+x86_64 | 0.1.1 | 6.00 | 22.00 | 28.00 | NOTE |
Version: 0.1.1
Check: LazyData
Result: NOTE
'LazyData' is specified without a 'data' directory
Flavors: r-devel-linux-x86_64-debian-clang, r-devel-linux-x86_64-debian-gcc, r-devel-linux-x86_64-fedora-clang, r-devel-linux-x86_64-fedora-gcc, r-patched-linux-x86_64, r-release-linux-x86_64, r-release-macos-arm64, r-release-macos-x86_64, r-release-windows-x86_64, r-oldrel-macos-arm64, r-oldrel-macos-x86_64, r-oldrel-windows-ix86+x86_64