Last updated on 2022-05-18 06:50:42 CEST.
Flavor | Version | Tinstall | Tcheck | Ttotal | Status | Flags |
---|---|---|---|---|---|---|
r-devel-linux-x86_64-debian-clang | 1.2.1 | 2.75 | 49.22 | 51.97 | NOTE | |
r-devel-linux-x86_64-debian-gcc | 1.2.1 | 2.64 | 36.67 | 39.31 | NOTE | |
r-devel-linux-x86_64-fedora-clang | 1.2.1 | 61.93 | NOTE | |||
r-devel-linux-x86_64-fedora-gcc | 1.2.1 | 59.46 | NOTE | |||
r-devel-windows-x86_64 | 1.2.1 | 12.00 | 64.00 | 76.00 | NOTE | |
r-patched-linux-x86_64 | 1.2.1 | 3.67 | 45.00 | 48.67 | NOTE | |
r-release-linux-x86_64 | 1.2.1 | 2.58 | 44.96 | 47.54 | NOTE | |
r-release-macos-arm64 | 1.2.1 | 21.00 | NOTE | |||
r-release-macos-x86_64 | 1.2.1 | 31.00 | NOTE | |||
r-release-windows-x86_64 | 1.2.1 | 13.00 | 65.00 | 78.00 | NOTE | |
r-oldrel-macos-arm64 | 1.2.1 | 24.00 | NOTE | |||
r-oldrel-macos-x86_64 | 1.2.1 | 38.00 | NOTE | |||
r-oldrel-windows-ix86+x86_64 | 1.2.1 | 7.00 | 59.00 | 66.00 | NOTE |
Version: 1.2.1
Check: LazyData
Result: NOTE
'LazyData' is specified without a 'data' directory
Flavors: r-devel-linux-x86_64-debian-clang, r-devel-linux-x86_64-debian-gcc, r-devel-linux-x86_64-fedora-clang, r-devel-linux-x86_64-fedora-gcc, r-devel-windows-x86_64, r-patched-linux-x86_64, r-release-linux-x86_64, r-release-macos-arm64, r-release-macos-x86_64, r-release-windows-x86_64, r-oldrel-macos-arm64, r-oldrel-macos-x86_64, r-oldrel-windows-ix86+x86_64