Last updated on 2023-03-24 05:52:13 CET.
Flavor | Version | Tinstall | Tcheck | Ttotal | Status | Flags |
---|---|---|---|---|---|---|
r-devel-linux-x86_64-debian-clang | 0.3.0 | 7.79 | 166.73 | 174.52 | OK | |
r-devel-linux-x86_64-debian-gcc | 0.3.0 | 6.34 | 79.77 | 86.11 | OK | |
r-devel-linux-x86_64-fedora-clang | 0.3.0 | 199.30 | NOTE | |||
r-devel-linux-x86_64-fedora-gcc | 0.3.0 | 209.89 | NOTE | |||
r-patched-linux-x86_64 | 0.3.0 | 8.29 | 160.69 | 168.98 | OK | |
r-release-linux-x86_64 | 0.3.0 | 8.56 | 100.69 | 109.25 | OK | |
r-release-macos-arm64 | 0.3.0 | 157.00 | OK | |||
r-release-macos-x86_64 | 0.3.0 | 189.00 | OK | |||
r-release-windows-x86_64 | 0.3.0 | 39.00 | 314.00 | 353.00 | OK | |
r-oldrel-macos-arm64 | 0.3.0 | 131.00 | OK | |||
r-oldrel-macos-x86_64 | 0.3.0 | 188.00 | OK | |||
r-oldrel-windows-ix86+x86_64 | 0.3.0 | 19.00 | 328.00 | 347.00 | OK |
Version: 0.3.0
Check: data for non-ASCII characters
Result: NOTE
Note: found 1 marked UTF-8 string
Flavors: r-devel-linux-x86_64-fedora-clang, r-devel-linux-x86_64-fedora-gcc