Last updated on 2023-09-24 06:53:37 CEST.
Flavor | Version | Tinstall | Tcheck | Ttotal | Status | Flags |
---|---|---|---|---|---|---|
r-devel-linux-x86_64-debian-clang | 0.8-5 | 3.30 | 33.78 | 37.08 | NOTE | |
r-devel-linux-x86_64-debian-gcc | 0.8-5 | 2.39 | 26.15 | 28.54 | NOTE | |
r-devel-linux-x86_64-fedora-clang | 0.8-5 | 47.14 | NOTE | |||
r-devel-linux-x86_64-fedora-gcc | 0.8-5 | 30.68 | NOTE | |||
r-devel-windows-x86_64 | 0.8-5 | 6.00 | 53.00 | 59.00 | NOTE | |
r-patched-linux-x86_64 | 0.8-5 | 3.03 | 33.38 | 36.41 | NOTE | |
r-release-linux-x86_64 | 0.8-5 | 4.06 | 33.19 | 37.25 | NOTE | |
r-release-macos-arm64 | 0.8-5 | 20.00 | NOTE | |||
r-release-macos-x86_64 | 0.8-5 | 27.00 | NOTE | |||
r-release-windows-x86_64 | 0.8-5 | 4.00 | 54.00 | 58.00 | NOTE | |
r-oldrel-macos-arm64 | 0.8-5 | 21.00 | OK | |||
r-oldrel-macos-x86_64 | 0.8-5 | 29.00 | OK | |||
r-oldrel-windows-x86_64 | 0.8-5 | 6.00 | 54.00 | 60.00 | NOTE |
Version: 0.8-5
Check: package dependencies
Result: NOTE
Package suggested but not available for checking: ‘RandomFields’
Flavors: r-devel-linux-x86_64-debian-clang, r-devel-linux-x86_64-debian-gcc, r-devel-linux-x86_64-fedora-clang, r-devel-linux-x86_64-fedora-gcc, r-devel-windows-x86_64, r-patched-linux-x86_64, r-release-linux-x86_64, r-release-macos-arm64, r-release-macos-x86_64, r-release-windows-x86_64, r-oldrel-windows-x86_64