Last updated on 2023-11-28 07:53:02 CET.
Flavor | Version | Tinstall | Tcheck | Ttotal | Status | Flags |
---|---|---|---|---|---|---|
r-devel-linux-x86_64-debian-clang | 0.2.1 | 24.16 | 37.55 | 61.71 | NOTE | |
r-devel-linux-x86_64-debian-gcc | 0.2.1 | 17.07 | 28.76 | 45.83 | NOTE | |
r-devel-linux-x86_64-fedora-clang | 0.2.1 | 94.15 | NOTE | |||
r-devel-linux-x86_64-fedora-gcc | 0.2.1 | 83.21 | NOTE | |||
r-devel-windows-x86_64 | 0.2.1 | 20.00 | 69.00 | 89.00 | NOTE | |
r-patched-linux-x86_64 | 0.2.1 | 19.99 | 36.37 | 56.36 | NOTE | |
r-release-linux-x86_64 | 0.2.1 | 21.68 | 37.05 | 58.73 | NOTE | |
r-release-macos-arm64 | 0.2.1 | 27.00 | NOTE | |||
r-release-macos-x86_64 | 0.2.1 | 41.00 | NOTE | |||
r-release-windows-x86_64 | 0.2.1 | 22.00 | 73.00 | 95.00 | NOTE | |
r-oldrel-macos-arm64 | 0.2.1 | 27.00 | OK | |||
r-oldrel-macos-x86_64 | 0.2.1 | 35.00 | OK | |||
r-oldrel-windows-x86_64 | 0.2.1 | 28.00 | 75.00 | 103.00 | OK |
Version: 0.2.1
Check: C++ specification
Result: NOTE
Specified C++11: please drop specification unless essential
Flavors: r-devel-linux-x86_64-debian-clang, r-devel-linux-x86_64-debian-gcc, r-devel-linux-x86_64-fedora-clang, r-devel-linux-x86_64-fedora-gcc, r-devel-windows-x86_64, r-patched-linux-x86_64, r-release-linux-x86_64, r-release-macos-arm64, r-release-macos-x86_64, r-release-windows-x86_64