Last updated on 2025-01-16 06:49:15 CET.
Flavor | Version | Tinstall | Tcheck | Ttotal | Status | Flags |
---|---|---|---|---|---|---|
r-devel-linux-x86_64-debian-clang | 3.6.5 | 267.90 | 258.34 | 526.24 | OK | |
r-devel-linux-x86_64-debian-gcc | 3.6.5 | 186.41 | 161.56 | 347.97 | OK | |
r-devel-linux-x86_64-fedora-clang | 3.6.5 | 851.17 | OK | |||
r-devel-linux-x86_64-fedora-gcc | 3.6.5 | 888.33 | OK | |||
r-devel-windows-x86_64 | 3.6.5 | 270.00 | 241.00 | 511.00 | OK | |
r-patched-linux-x86_64 | 3.6.5 | 257.65 | 239.59 | 497.24 | OK | |
r-release-linux-x86_64 | 3.6.5 | 256.22 | 241.92 | 498.14 | OK | |
r-release-macos-arm64 | 3.6.5 | 239.00 | NOTE | |||
r-release-macos-x86_64 | 3.6.5 | 344.00 | NOTE | |||
r-release-windows-x86_64 | 3.6.5 | 271.00 | 246.00 | 517.00 | NOTE | |
r-oldrel-macos-arm64 | 3.6.5 | 229.00 | NOTE | |||
r-oldrel-macos-x86_64 | 3.6.5 | 325.00 | NOTE | |||
r-oldrel-windows-x86_64 | 3.6.5 | 329.00 | 306.00 | 635.00 | NOTE |
Version: 3.6.5
Check: installed package size
Result: NOTE
installed size is 12.3Mb
sub-directories of 1Mb or more:
R 2.1Mb
help 2.6Mb
libs 6.1Mb
Flavors: r-release-macos-arm64, r-release-macos-x86_64, r-release-windows-x86_64, r-oldrel-macos-arm64, r-oldrel-macos-x86_64, r-oldrel-windows-x86_64