CRAN Package Check Results for Package frailtypack

Last updated on 2024-04-12 06:51:15 CEST.

Flavor Version Tinstall Tcheck Ttotal Status Flags
r-devel-linux-x86_64-debian-clang 3.6.0 311.25 352.62 663.87 OK
r-devel-linux-x86_64-debian-gcc 3.6.0 265.86 240.91 506.77 OK
r-devel-linux-x86_64-fedora-clang 3.6.0 195.65 ERROR
r-devel-linux-x86_64-fedora-gcc 3.6.0 859.82 OK
r-devel-windows-x86_64 3.6.0 272.00 240.00 512.00 NOTE
r-patched-linux-x86_64 3.6.0 219.14 322.10 541.24 OK
r-release-linux-x86_64 3.6.0 297.18 324.44 621.62 OK
r-release-macos-arm64 3.6.0 241.00 NOTE
r-release-macos-x86_64 3.6.0 19.00 ERROR
r-release-windows-x86_64 3.6.0 341.00 312.00 653.00 NOTE
r-oldrel-macos-arm64 3.6.0 255.00 NOTE
r-oldrel-windows-x86_64 3.6.0 314.00 272.00 586.00 NOTE

Additional issues

Intel Intel LTO rchk

Check Details

Version: 3.6.0
Check: whether package can be installed
Result: ERROR Installation failed. Flavors: r-devel-linux-x86_64-fedora-clang, r-release-macos-x86_64

Version: 3.6.0
Check: installed package size
Result: NOTE installed size is 9.1Mb sub-directories of 1Mb or more: R 1.3Mb help 2.7Mb libs 3.6Mb Flavors: r-devel-windows-x86_64, r-release-macos-arm64, r-release-windows-x86_64, r-oldrel-macos-arm64, r-oldrel-windows-x86_64