CRAN Package Check Results for Package friends

Last updated on 2022-01-26 06:50:14 CET.

Flavor Version Tinstall Tcheck Ttotal Status Flags
r-devel-linux-x86_64-debian-clang 0.1.0 4.78 39.78 44.56 OK
r-devel-linux-x86_64-debian-gcc 0.1.0 3.64 30.94 34.58 OK
r-devel-linux-x86_64-fedora-clang 0.1.0 54.14 NOTE
r-devel-linux-x86_64-fedora-gcc 0.1.0 43.45 NOTE
r-devel-windows-x86_64-new-UL 0.1.0 30.00 61.00 91.00 OK
r-devel-windows-x86_64-new-TK 0.1.0 NOTE
r-patched-linux-x86_64 0.1.0 3.93 36.96 40.89 OK
r-release-linux-x86_64 0.1.0 3.97 37.02 40.99 OK
r-release-macos-arm64 0.1.0 NOTE
r-release-macos-x86_64 0.1.0 NOTE
r-release-windows-ix86+x86_64 0.1.0 10.00 49.00 59.00 OK
r-oldrel-macos-x86_64 0.1.0 NOTE
r-oldrel-windows-ix86+x86_64 0.1.0 10.00 48.00 58.00 OK

Check Details

Version: 0.1.0
Check: data for non-ASCII characters
Result: NOTE
     Note: found 50 marked UTF-8 strings
Flavors: r-devel-linux-x86_64-fedora-clang, r-devel-linux-x86_64-fedora-gcc, r-devel-windows-x86_64-new-TK, r-release-macos-arm64, r-release-macos-x86_64, r-oldrel-macos-x86_64