Last updated on 2023-03-27 06:50:07 CEST.
Flavor | Version | Tinstall | Tcheck | Ttotal | Status | Flags |
---|---|---|---|---|---|---|
r-devel-linux-x86_64-debian-clang | 1.2 | 7.95 | 86.06 | 94.01 | OK | |
r-devel-linux-x86_64-debian-gcc | 1.2 | 7.45 | 66.42 | 73.87 | OK | |
r-devel-linux-x86_64-fedora-clang | 1.2 | 119.23 | NOTE | |||
r-devel-linux-x86_64-fedora-gcc | 1.2 | 115.31 | NOTE | |||
r-patched-linux-x86_64 | 1.2 | 9.16 | 84.29 | 93.45 | OK | |
r-release-linux-x86_64 | 1.2 | 6.58 | 81.76 | 88.34 | OK | |
r-release-macos-arm64 | 1.2 | 38.00 | NOTE | |||
r-release-macos-x86_64 | 1.2 | 61.00 | NOTE | |||
r-release-windows-x86_64 | 1.2 | 22.00 | 118.00 | 140.00 | OK | |
r-oldrel-macos-arm64 | 1.2 | 35.00 | NOTE | |||
r-oldrel-macos-x86_64 | 1.2 | 52.00 | NOTE | |||
r-oldrel-windows-ix86+x86_64 | 1.2 | 22.00 | 130.00 | 152.00 | OK |
Version: 1.2
Check: data for non-ASCII characters
Result: NOTE
Note: found 120 marked UTF-8 strings
Flavors: r-devel-linux-x86_64-fedora-clang, r-devel-linux-x86_64-fedora-gcc, r-release-macos-arm64, r-release-macos-x86_64, r-oldrel-macos-arm64, r-oldrel-macos-x86_64