CRAN Package Check Results for Package funtimes

Last updated on 2022-07-06 06:52:51 CEST.

Flavor Version Tinstall Tcheck Ttotal Status Flags
r-devel-linux-x86_64-debian-clang 8.2 4.75 202.13 206.88 OK
r-devel-linux-x86_64-debian-gcc 8.2 5.77 129.79 135.56 OK
r-devel-linux-x86_64-fedora-clang 8.2 261.61 NOTE
r-devel-linux-x86_64-fedora-gcc 8.2 277.33 NOTE
r-devel-windows-x86_64 8.2 11.00 220.00 231.00 OK
r-patched-linux-x86_64 8.2 8.01 185.75 193.76 OK
r-release-linux-x86_64 8.2 7.41 188.70 196.11 OK
r-release-macos-arm64 8.2 61.00 NOTE
r-release-macos-x86_64 8.2 75.00 NOTE
r-release-windows-x86_64 8.2 26.00 224.00 250.00 OK
r-oldrel-macos-arm64 8.2 60.00 NOTE
r-oldrel-macos-x86_64 8.2 77.00 NOTE
r-oldrel-windows-ix86+x86_64 8.2 15.00 214.00 229.00 OK

Check Details

Version: 8.2
Check: dependencies in R code
Result: NOTE
    Namespaces in Imports field not imported from:
     ‘FNN’ ‘igraph’
     All declared Imports should be used.
Flavors: r-devel-linux-x86_64-fedora-clang, r-devel-linux-x86_64-fedora-gcc, r-release-macos-arm64, r-release-macos-x86_64, r-oldrel-macos-arm64, r-oldrel-macos-x86_64