CRAN Package Check Results for Package furniture

Last updated on 2020-08-13 06:47:27 CEST.

Flavor Version Tinstall Tcheck Ttotal Status Flags
r-devel-linux-x86_64-debian-clang 1.9.7 6.27 57.24 63.51 OK
r-devel-linux-x86_64-debian-gcc 1.9.7 4.69 42.48 47.17 OK
r-devel-linux-x86_64-fedora-clang 1.9.7 81.87 NOTE
r-devel-linux-x86_64-fedora-gcc 1.9.7 72.12 NOTE
r-devel-windows-ix86+x86_64 1.9.7 13.00 93.00 106.00 OK
r-patched-linux-x86_64 1.9.7 5.89 55.58 61.47 OK
r-patched-solaris-x86 1.9.7 100.80 NOTE
r-release-linux-x86_64 1.9.7 5.84 55.12 60.96 OK
r-release-macos-x86_64 1.9.7 NOTE
r-release-windows-ix86+x86_64 1.9.7 17.00 98.00 115.00 OK
r-oldrel-macos-x86_64 1.9.7 NOTE
r-oldrel-windows-ix86+x86_64 1.9.7 10.00 63.00 73.00 OK

Check Details

Version: 1.9.7
Check: dependencies in R code
Result: NOTE
    Namespace in Imports field not imported from: ‘magrittr’
     All declared Imports should be used.
Flavors: r-devel-linux-x86_64-fedora-clang, r-devel-linux-x86_64-fedora-gcc, r-patched-solaris-x86, r-release-macos-x86_64, r-oldrel-macos-x86_64