CRAN Package Check Results for Package fuzzyforest

Last updated on 2021-01-16 06:51:07 CET.

Flavor Version Tinstall Tcheck Ttotal Status Flags
r-devel-linux-x86_64-debian-clang 1.0.8 5.46 159.35 164.81 OK
r-devel-linux-x86_64-debian-gcc 1.0.8 3.98 119.85 123.83 OK
r-devel-linux-x86_64-fedora-clang 1.0.8 202.91 OK
r-devel-linux-x86_64-fedora-gcc 1.0.8 195.27 OK
r-devel-windows-ix86+x86_64 1.0.8 33.00 149.00 182.00 OK
r-patched-linux-x86_64 1.0.8 5.00 143.99 148.99 OK
r-patched-solaris-x86 1.0.8 267.80 OK
r-release-linux-x86_64 1.0.8 4.72 146.39 151.11 OK
r-release-macos-x86_64 1.0.8 OK
r-release-windows-ix86+x86_64 1.0.8 36.00 153.00 189.00 OK
r-oldrel-macos-x86_64 1.0.8 NOTE
r-oldrel-windows-ix86+x86_64 1.0.8 38.00 126.00 164.00 OK

Check Details

Version: 1.0.8
Check: package dependencies
Result: NOTE
    Package suggested but not available for checking: ‘WGCNA’
Flavor: r-oldrel-macos-x86_64