Last updated on 2023-03-20 05:52:12 CET.
Flavor | Version | Tinstall | Tcheck | Ttotal | Status | Flags |
---|---|---|---|---|---|---|
r-devel-linux-x86_64-debian-clang | 0.8-15 | OK | ||||
r-devel-linux-x86_64-debian-gcc | 0.8-15 | 18.13 | 173.79 | 191.92 | OK | |
r-devel-linux-x86_64-fedora-clang | 0.8-15 | 320.08 | OK | |||
r-devel-linux-x86_64-fedora-gcc | 0.8-15 | 307.62 | OK | |||
r-devel-windows-x86_64 | 0.8-15 | 99.00 | 361.00 | 460.00 | OK | |
r-patched-linux-x86_64 | 0.8-15 | 21.77 | 211.34 | 233.11 | OK | |
r-release-linux-x86_64 | 0.8-15 | 22.54 | 208.66 | 231.20 | OK | |
r-release-macos-arm64 | 0.8-15 | 104.00 | NOTE | |||
r-release-macos-x86_64 | 0.8-15 | 124.00 | OK | |||
r-release-windows-x86_64 | 0.8-15 | 163.00 | 326.00 | 489.00 | OK | |
r-oldrel-macos-arm64 | 0.8-15 | 148.00 | OK | |||
r-oldrel-macos-x86_64 | 0.8-15 | 142.00 | OK | |||
r-oldrel-windows-ix86+x86_64 | 0.8-15 | 45.00 | 341.00 | 386.00 | OK |
Version: 0.8-15
Check: package dependencies
Result: NOTE
Packages suggested but not available for checking: 'graph', 'mutoss'
Flavor: r-release-macos-arm64