Last updated on 2025-01-19 06:48:23 CET.
Flavor | Version | Tinstall | Tcheck | Ttotal | Status | Flags |
---|---|---|---|---|---|---|
r-devel-linux-x86_64-debian-clang | 0.3.4 | 97.20 | 235.23 | 332.43 | OK | |
r-devel-linux-x86_64-debian-gcc | 0.3.4 | 63.66 | 159.87 | 223.53 | OK | |
r-devel-linux-x86_64-fedora-clang | 0.3.4 | 570.70 | OK | |||
r-devel-linux-x86_64-fedora-gcc | 0.3.4 | 570.06 | OK | |||
r-devel-windows-x86_64 | 0.3.4 | 98.00 | 222.00 | 320.00 | OK | |
r-patched-linux-x86_64 | 0.3.4 | 91.01 | 224.79 | 315.80 | OK | |
r-release-linux-x86_64 | 0.3.4 | 94.15 | 222.31 | 316.46 | OK | |
r-release-macos-arm64 | 0.3.4 | 139.00 | NOTE | |||
r-release-macos-x86_64 | 0.3.4 | 232.00 | NOTE | |||
r-release-windows-x86_64 | 0.3.4 | 97.00 | 229.00 | 326.00 | NOTE | |
r-oldrel-macos-arm64 | 0.3.4 | 144.00 | NOTE | |||
r-oldrel-macos-x86_64 | 0.3.4 | 217.00 | NOTE | |||
r-oldrel-windows-x86_64 | 0.3.4 | 123.00 | 301.00 | 424.00 | NOTE |
Version: 0.3.4
Check: installed package size
Result: NOTE
installed size is 9.7Mb
sub-directories of 1Mb or more:
libs 5.6Mb
supplementary_material 3.1Mb
Flavors: r-release-macos-arm64, r-release-macos-x86_64, r-release-windows-x86_64, r-oldrel-macos-arm64, r-oldrel-macos-x86_64, r-oldrel-windows-x86_64