CRAN Package Check Results for Package gapmap

Last updated on 2022-01-25 06:48:36 CET.

Flavor Version Tinstall Tcheck Ttotal Status Flags
r-devel-linux-x86_64-debian-clang 0.1.0 5.79 95.73 101.52 OK
r-devel-linux-x86_64-debian-gcc 0.1.0 6.10 72.31 78.41 OK
r-devel-linux-x86_64-fedora-clang 0.1.0 122.54 OK
r-devel-linux-x86_64-fedora-gcc 0.1.0 110.61 OK
r-devel-windows-x86_64-new-UL 0.1.0 56.00 123.00 179.00 OK
r-devel-windows-x86_64-new-TK 0.1.0 OK
r-patched-linux-x86_64 0.1.0 5.42 91.70 97.12 OK
r-release-linux-x86_64 0.1.0 4.61 90.96 95.57 OK
r-release-macos-arm64 0.1.0 OK
r-release-macos-x86_64 0.1.0 OK
r-release-windows-ix86+x86_64 0.1.0 15.00 110.00 125.00 OK
r-oldrel-macos-x86_64 0.1.0 OK
r-oldrel-windows-ix86+x86_64 0.1.0 15.00 92.00 107.00 WARN

Check Details

Version: 0.1.0
Check: re-building of vignette outputs
Result: WARN
    Error(s) in re-building vignettes:
    --- re-building 'simple_example.Rmd' using rmarkdown
    Loading required package: ggplot2
    Loading required package: reshape2
    --- finished re-building 'simple_example.Rmd'
    
    --- re-building 'tcga_example.Rmd' using rmarkdown
    Quitting from lines 43-45 (tcga_example.Rmd)
    Error: processing vignette 'tcga_example.Rmd' failed with diagnostics:
    cannot open file 'D:/temp/RtmpcPA49L/RLIBS_183c87b5346a/gtable/R/gtable.rdb': No such file or directory
    --- failed re-building 'tcga_example.Rmd'
    
    SUMMARY: processing the following file failed:
     'tcga_example.Rmd'
    
    Error: Vignette re-building failed.
    Execution halted
Flavor: r-oldrel-windows-ix86+x86_64