CRAN Package Check Results for Package gaussplotR

Last updated on 2024-04-20 06:58:42 CEST.

Flavor Version Tinstall Tcheck Ttotal Status Flags
r-devel-linux-x86_64-debian-clang 0.2.5 3.34 52.46 55.80 NOTE
r-devel-linux-x86_64-debian-gcc 0.2.5 2.94 39.49 42.43 NOTE
r-devel-linux-x86_64-fedora-clang 0.2.5 71.20 NOTE
r-devel-linux-x86_64-fedora-gcc 0.2.5 84.29 NOTE
r-prerel-macos-arm64 0.2.5 30.00 NOTE
r-prerel-windows-x86_64 0.2.5 6.00 61.00 67.00 NOTE
r-patched-linux-x86_64 0.2.5 2.85 49.52 52.37 NOTE
r-release-linux-x86_64 0.2.5 3.11 47.86 50.97 OK
r-release-macos-arm64 0.2.5 33.00 OK
r-release-macos-x86_64 0.2.5 47.00 OK
r-release-windows-x86_64 0.2.5 6.00 65.00 71.00 OK
r-oldrel-macos-arm64 0.2.5 28.00 OK
r-oldrel-windows-x86_64 0.2.5 6.00 68.00 74.00 OK

Check Details

Version: 0.2.5
Check: Rd files
Result: NOTE checkRd: (-1) autofit_gaussian_2D.Rd:34: Lost braces in \itemize; \value handles \item{}{} directly checkRd: (-1) autofit_gaussian_2D.Rd:35: Lost braces in \itemize; \value handles \item{}{} directly checkRd: (-1) autofit_gaussian_2D.Rd:36-37: Lost braces in \itemize; \value handles \item{}{} directly checkRd: (-1) autofit_gaussian_2D.Rd:38-39: Lost braces in \itemize; \value handles \item{}{} directly checkRd: (-1) characterize_gaussian_fits.Rd:34-36: Lost braces in \itemize; \value handles \item{}{} directly checkRd: (-1) characterize_gaussian_fits.Rd:37-39: Lost braces in \itemize; \value handles \item{}{} directly checkRd: (-1) characterize_gaussian_fits.Rd:40-41: Lost braces in \itemize; \value handles \item{}{} directly checkRd: (-1) characterize_gaussian_fits.Rd:42-43: Lost braces in \itemize; \value handles \item{}{} directly checkRd: (-1) characterize_gaussian_fits.Rd:44-45: Lost braces in \itemize; \value handles \item{}{} directly checkRd: (-1) characterize_gaussian_fits.Rd:46-47: Lost braces in \itemize; \value handles \item{}{} directly checkRd: (-1) characterize_gaussian_fits.Rd:48-49: Lost braces in \itemize; \value handles \item{}{} directly checkRd: (-1) characterize_gaussian_fits.Rd:50-51: Lost braces in \itemize; \value handles \item{}{} directly checkRd: (-1) characterize_gaussian_fits.Rd:52-53: Lost braces in \itemize; \value handles \item{}{} directly checkRd: (-1) characterize_gaussian_fits.Rd:54-55: Lost braces in \itemize; \value handles \item{}{} directly checkRd: (-1) compare_gaussian_fits.Rd:19-21: Lost braces in \itemize; \value handles \item{}{} directly checkRd: (-1) compare_gaussian_fits.Rd:22-24: Lost braces in \itemize; \value handles \item{}{} directly checkRd: (-1) fit_gaussian_2D.Rd:57: Lost braces in \itemize; \value handles \item{}{} directly checkRd: (-1) fit_gaussian_2D.Rd:58: Lost braces in \itemize; \value handles \item{}{} directly checkRd: (-1) fit_gaussian_2D.Rd:59-60: Lost braces in \itemize; \value handles \item{}{} directly checkRd: (-1) fit_gaussian_2D.Rd:61-62: Lost braces in \itemize; \value handles \item{}{} directly Flavors: r-devel-linux-x86_64-debian-clang, r-devel-linux-x86_64-debian-gcc, r-devel-linux-x86_64-fedora-clang, r-devel-linux-x86_64-fedora-gcc, r-prerel-macos-arm64, r-prerel-windows-x86_64, r-patched-linux-x86_64